{"id":1695,"date":"2024-01-24T16:52:48","date_gmt":"2024-01-24T15:52:48","guid":{"rendered":"https:\/\/serbenidorm.daliisolutions.com\/index.php\/dm-podcast\/antonio-llombart-vicepresidente-de-la-aecc-en-valencia-pide-a-la-hosteleria-que-prohiba-fumar-en-terrazas\/"},"modified":"2024-01-24T16:52:48","modified_gmt":"2024-01-24T15:52:48","slug":"antonio-llombart-vicepresidente-de-la-aecc-en-valencia-pide-a-la-hosteleria-que-prohiba-fumar-en-terrazas","status":"publish","type":"dm-podcast","link":"https:\/\/serbenidorm.daliisolutions.com\/index.php\/dm-podcast\/antonio-llombart-vicepresidente-de-la-aecc-en-valencia-pide-a-la-hosteleria-que-prohiba-fumar-en-terrazas\/","title":{"rendered":"Antonio Llombart (vicepresidente de la AECC en Val\u00e8ncia) pide a la hosteler\u00eda que proh\u00edba fumar en terrazas"},"featured_media":0,"template":"","meta":{"_acf_changed":false},"dm-programa":[7],"class_list":["post-1695","dm-podcast","type-dm-podcast","status-publish","hentry","dm-programa-podcast-radio-valencia-hora-14-comunitat-valenciana-2298"],"acf":{"url":"https:\/\/sdmedia.playser.cadenaser.com\/playser\/multimedia\/20241\/24\/1706105102032_1706105101_audio_128.mp3"},"_links":{"self":[{"href":"https:\/\/serbenidorm.daliisolutions.com\/index.php\/wp-json\/wp\/v2\/dm-podcast\/1695","targetHints":{"allow":["GET"]}}],"collection":[{"href":"https:\/\/serbenidorm.daliisolutions.com\/index.php\/wp-json\/wp\/v2\/dm-podcast"}],"about":[{"href":"https:\/\/serbenidorm.daliisolutions.com\/index.php\/wp-json\/wp\/v2\/types\/dm-podcast"}],"wp:attachment":[{"href":"https:\/\/serbenidorm.daliisolutions.com\/index.php\/wp-json\/wp\/v2\/media?parent=1695"}],"wp:term":[{"taxonomy":"dm-programa","embeddable":true,"href":"https:\/\/serbenidorm.daliisolutions.com\/index.php\/wp-json\/wp\/v2\/dm-programa?post=1695"}],"curies":[{"name":"wp","href":"https:\/\/api.w.org\/{rel}","templated":true}]}}

Antonio Llombart (vicepresidente de la AECC en València) pide a la hostelería que prohíba fumar en terrazas
