{"id":1838,"date":"2024-01-29T15:24:55","date_gmt":"2024-01-29T14:24:55","guid":{"rendered":"https:\/\/serbenidorm.daliisolutions.com\/index.php\/dm-podcast\/jose-vicente-morata-consejo-de-camaras-de-comercio-alerta-de-que-si-va-a-mas-la-protesta-francesa-puede-extenderse-a-muchos-otros-productos\/"},"modified":"2024-01-29T15:24:55","modified_gmt":"2024-01-29T14:24:55","slug":"jose-vicente-morata-consejo-de-camaras-de-comercio-alerta-de-que-si-va-a-mas-la-protesta-francesa-puede-extenderse-a-muchos-otros-productos","status":"publish","type":"dm-podcast","link":"https:\/\/serbenidorm.daliisolutions.com\/index.php\/dm-podcast\/jose-vicente-morata-consejo-de-camaras-de-comercio-alerta-de-que-si-va-a-mas-la-protesta-francesa-puede-extenderse-a-muchos-otros-productos\/","title":{"rendered":"Jos\u00e9 Vicente Morata (Consejo de C\u00e1maras de Comercio) alerta de que si va a m\u00e1s la protesta francesa puede extenderse a muchos otros productos"},"featured_media":0,"template":"","meta":{"_acf_changed":false},"dm-programa":[7],"class_list":["post-1838","dm-podcast","type-dm-podcast","status-publish","hentry","dm-programa-podcast-radio-valencia-hora-14-comunitat-valenciana-2298"],"acf":{"url":"https:\/\/sdmedia.playser.cadenaser.com\/playser\/multimedia\/20241\/29\/1706530452264_1706530474_audio_128.mp3"},"_links":{"self":[{"href":"https:\/\/serbenidorm.daliisolutions.com\/index.php\/wp-json\/wp\/v2\/dm-podcast\/1838","targetHints":{"allow":["GET"]}}],"collection":[{"href":"https:\/\/serbenidorm.daliisolutions.com\/index.php\/wp-json\/wp\/v2\/dm-podcast"}],"about":[{"href":"https:\/\/serbenidorm.daliisolutions.com\/index.php\/wp-json\/wp\/v2\/types\/dm-podcast"}],"wp:attachment":[{"href":"https:\/\/serbenidorm.daliisolutions.com\/index.php\/wp-json\/wp\/v2\/media?parent=1838"}],"wp:term":[{"taxonomy":"dm-programa","embeddable":true,"href":"https:\/\/serbenidorm.daliisolutions.com\/index.php\/wp-json\/wp\/v2\/dm-programa?post=1838"}],"curies":[{"name":"wp","href":"https:\/\/api.w.org\/{rel}","templated":true}]}}

José Vicente Morata (Consejo de Cámaras de Comercio) alerta de que si va a más la protesta francesa puede extenderse a muchos otros productos
