{"id":185,"date":"2023-11-29T15:22:50","date_gmt":"2023-11-29T14:22:50","guid":{"rendered":"https:\/\/serbenidorm.daliisolutions.com\/index.php\/dm-podcast\/el-concejal-del-psoe-de-benidorm-toni-lopez-repasa-sus-vivencias-a-traves-de-la-musica-de-tu-vida\/"},"modified":"2023-11-29T15:22:50","modified_gmt":"2023-11-29T14:22:50","slug":"el-concejal-del-psoe-de-benidorm-toni-lopez-repasa-sus-vivencias-a-traves-de-la-musica-de-tu-vida","status":"publish","type":"dm-podcast","link":"https:\/\/serbenidorm.daliisolutions.com\/index.php\/dm-podcast\/el-concejal-del-psoe-de-benidorm-toni-lopez-repasa-sus-vivencias-a-traves-de-la-musica-de-tu-vida\/","title":{"rendered":"El concejal del Psoe de Benidorm, Toni L\u00f3pez, repasa sus vivencias a trav\u00e9s de La M\u00fasica de tu Vida"},"featured_media":0,"template":"","meta":{"_acf_changed":false},"dm-programa":[],"class_list":["post-185","dm-podcast","type-dm-podcast","status-publish","hentry"],"acf":{"url":"https:\/\/sdmedia.playser.cadenaser.com\/playser\/multimedia\/202311\/24\/1700833479587_1700833589_audio_128.mp3"},"_links":{"self":[{"href":"https:\/\/serbenidorm.daliisolutions.com\/index.php\/wp-json\/wp\/v2\/dm-podcast\/185","targetHints":{"allow":["GET"]}}],"collection":[{"href":"https:\/\/serbenidorm.daliisolutions.com\/index.php\/wp-json\/wp\/v2\/dm-podcast"}],"about":[{"href":"https:\/\/serbenidorm.daliisolutions.com\/index.php\/wp-json\/wp\/v2\/types\/dm-podcast"}],"wp:attachment":[{"href":"https:\/\/serbenidorm.daliisolutions.com\/index.php\/wp-json\/wp\/v2\/media?parent=185"}],"wp:term":[{"taxonomy":"dm-programa","embeddable":true,"href":"https:\/\/serbenidorm.daliisolutions.com\/index.php\/wp-json\/wp\/v2\/dm-programa?post=185"}],"curies":[{"name":"wp","href":"https:\/\/api.w.org\/{rel}","templated":true}]}}

El concejal del Psoe de Benidorm, Toni López, repasa sus vivencias a través de La Música de tu Vida
