{"id":1898,"date":"2024-01-31T17:35:15","date_gmt":"2024-01-31T16:35:15","guid":{"rendered":"https:\/\/serbenidorm.daliisolutions.com\/index.php\/dm-podcast\/la-asociacion-espanola-contra-el-cancer-en-benidorm-programa-creara-un-gran-lazo-humano-el-dia-mundial-contra-el-cancer\/"},"modified":"2024-01-31T17:35:15","modified_gmt":"2024-01-31T16:35:15","slug":"la-asociacion-espanola-contra-el-cancer-en-benidorm-programa-creara-un-gran-lazo-humano-el-dia-mundial-contra-el-cancer","status":"publish","type":"dm-podcast","link":"https:\/\/serbenidorm.daliisolutions.com\/index.php\/dm-podcast\/la-asociacion-espanola-contra-el-cancer-en-benidorm-programa-creara-un-gran-lazo-humano-el-dia-mundial-contra-el-cancer\/","title":{"rendered":"La Asociaci\u00f3n Espa\u00f1ola contra el C\u00e1ncer en Benidorm programa crear\u00e1 un gran lazo humano el Dia Mundial contra el C\u00e1ncer"},"featured_media":0,"template":"","meta":{"_acf_changed":false},"dm-programa":[10],"class_list":["post-1898","dm-podcast","type-dm-podcast","status-publish","hentry","dm-programa-podcast-radio-benidorm-hoy-por-hoy-benidorm-2992"],"acf":{"url":"https:\/\/sdmedia.playser.cadenaser.com\/playser\/multimedia\/20241\/31\/1706708494208_1706708669_audio_128.mp3"},"_links":{"self":[{"href":"https:\/\/serbenidorm.daliisolutions.com\/index.php\/wp-json\/wp\/v2\/dm-podcast\/1898","targetHints":{"allow":["GET"]}}],"collection":[{"href":"https:\/\/serbenidorm.daliisolutions.com\/index.php\/wp-json\/wp\/v2\/dm-podcast"}],"about":[{"href":"https:\/\/serbenidorm.daliisolutions.com\/index.php\/wp-json\/wp\/v2\/types\/dm-podcast"}],"wp:attachment":[{"href":"https:\/\/serbenidorm.daliisolutions.com\/index.php\/wp-json\/wp\/v2\/media?parent=1898"}],"wp:term":[{"taxonomy":"dm-programa","embeddable":true,"href":"https:\/\/serbenidorm.daliisolutions.com\/index.php\/wp-json\/wp\/v2\/dm-programa?post=1898"}],"curies":[{"name":"wp","href":"https:\/\/api.w.org\/{rel}","templated":true}]}}

La Asociación Española contra el Cáncer en Benidorm programa creará un gran lazo humano el Dia Mundial contra el Cáncer
