{"id":1904,"date":"2024-01-31T17:35:15","date_gmt":"2024-01-31T16:35:15","guid":{"rendered":"https:\/\/serbenidorm.daliisolutions.com\/index.php\/dm-podcast\/ana-pellicer-y-la-archivera-toya-blazquez-nos-hablan-de-la-proxima-exposicion-que-acogera-la-casilla-de-benidorm\/"},"modified":"2024-01-31T17:35:15","modified_gmt":"2024-01-31T16:35:15","slug":"ana-pellicer-y-la-archivera-toya-blazquez-nos-hablan-de-la-proxima-exposicion-que-acogera-la-casilla-de-benidorm","status":"publish","type":"dm-podcast","link":"https:\/\/serbenidorm.daliisolutions.com\/index.php\/dm-podcast\/ana-pellicer-y-la-archivera-toya-blazquez-nos-hablan-de-la-proxima-exposicion-que-acogera-la-casilla-de-benidorm\/","title":{"rendered":"Ana Pellicer y la archivera Toya Bl\u00e1zquez nos hablan de la pr\u00f3xima exposici\u00f3n que acoger\u00e1 La Casilla de Benidorm"},"featured_media":0,"template":"","meta":{"_acf_changed":false},"dm-programa":[2],"class_list":["post-1904","dm-podcast","type-dm-podcast","status-publish","hentry","dm-programa-podcast-radio-benidorm-3154"],"acf":{"url":"https:\/\/sdmedia.playser.cadenaser.com\/playser\/multimedia\/20241\/31\/1706710449391_1706710509_audio_128.mp3"},"_links":{"self":[{"href":"https:\/\/serbenidorm.daliisolutions.com\/index.php\/wp-json\/wp\/v2\/dm-podcast\/1904","targetHints":{"allow":["GET"]}}],"collection":[{"href":"https:\/\/serbenidorm.daliisolutions.com\/index.php\/wp-json\/wp\/v2\/dm-podcast"}],"about":[{"href":"https:\/\/serbenidorm.daliisolutions.com\/index.php\/wp-json\/wp\/v2\/types\/dm-podcast"}],"wp:attachment":[{"href":"https:\/\/serbenidorm.daliisolutions.com\/index.php\/wp-json\/wp\/v2\/media?parent=1904"}],"wp:term":[{"taxonomy":"dm-programa","embeddable":true,"href":"https:\/\/serbenidorm.daliisolutions.com\/index.php\/wp-json\/wp\/v2\/dm-programa?post=1904"}],"curies":[{"name":"wp","href":"https:\/\/api.w.org\/{rel}","templated":true}]}}

Ana Pellicer y la archivera Toya Blázquez nos hablan de la próxima exposición que acogerá La Casilla de Benidorm
