{"id":191,"date":"2023-11-29T15:22:50","date_gmt":"2023-11-29T14:22:50","guid":{"rendered":"https:\/\/serbenidorm.daliisolutions.com\/index.php\/dm-podcast\/la-britanica-mas-benidormense-michelle-baker-nos-habla-de-la-aficion-de-los-britanicos-por-los-campings-de-benidorm-para-pasar-el-invierno\/"},"modified":"2023-11-29T15:22:50","modified_gmt":"2023-11-29T14:22:50","slug":"la-britanica-mas-benidormense-michelle-baker-nos-habla-de-la-aficion-de-los-britanicos-por-los-campings-de-benidorm-para-pasar-el-invierno","status":"publish","type":"dm-podcast","link":"https:\/\/serbenidorm.daliisolutions.com\/index.php\/dm-podcast\/la-britanica-mas-benidormense-michelle-baker-nos-habla-de-la-aficion-de-los-britanicos-por-los-campings-de-benidorm-para-pasar-el-invierno\/","title":{"rendered":"La brit\u00e1nica mas benidormense, Michelle Baker, nos habla de la afici\u00f3n de los brit\u00e1nicos por los campings de Benidorm para pasar el invierno"},"featured_media":0,"template":"","meta":{"_acf_changed":false},"dm-programa":[],"class_list":["post-191","dm-podcast","type-dm-podcast","status-publish","hentry"],"acf":{"url":"https:\/\/sdmedia.playser.cadenaser.com\/playser\/multimedia\/202311\/23\/1700743956934_1700744057_audio_128.mp3"},"_links":{"self":[{"href":"https:\/\/serbenidorm.daliisolutions.com\/index.php\/wp-json\/wp\/v2\/dm-podcast\/191","targetHints":{"allow":["GET"]}}],"collection":[{"href":"https:\/\/serbenidorm.daliisolutions.com\/index.php\/wp-json\/wp\/v2\/dm-podcast"}],"about":[{"href":"https:\/\/serbenidorm.daliisolutions.com\/index.php\/wp-json\/wp\/v2\/types\/dm-podcast"}],"wp:attachment":[{"href":"https:\/\/serbenidorm.daliisolutions.com\/index.php\/wp-json\/wp\/v2\/media?parent=191"}],"wp:term":[{"taxonomy":"dm-programa","embeddable":true,"href":"https:\/\/serbenidorm.daliisolutions.com\/index.php\/wp-json\/wp\/v2\/dm-programa?post=191"}],"curies":[{"name":"wp","href":"https:\/\/api.w.org\/{rel}","templated":true}]}}

La británica mas benidormense, Michelle Baker, nos habla de la afición de los británicos por los campings de Benidorm para pasar el invierno
