{"id":1912,"date":"2024-01-31T20:28:21","date_gmt":"2024-01-31T19:28:21","guid":{"rendered":"https:\/\/serbenidorm.daliisolutions.com\/index.php\/dm-podcast\/toni-gaspar-pspv-admite-que-montero-rechazo-el-fondo-de-nivelacion-pero-tambien-el-pp\/"},"modified":"2024-01-31T20:28:21","modified_gmt":"2024-01-31T19:28:21","slug":"toni-gaspar-pspv-admite-que-montero-rechazo-el-fondo-de-nivelacion-pero-tambien-el-pp","status":"publish","type":"dm-podcast","link":"https:\/\/serbenidorm.daliisolutions.com\/index.php\/dm-podcast\/toni-gaspar-pspv-admite-que-montero-rechazo-el-fondo-de-nivelacion-pero-tambien-el-pp\/","title":{"rendered":"Toni Gaspar (PSPV) admite que Montero rechaz\u00f3 el fondo de nivelaci\u00f3n, pero tambi\u00e9n el PP"},"featured_media":0,"template":"","meta":{"_acf_changed":false},"dm-programa":[7],"class_list":["post-1912","dm-podcast","type-dm-podcast","status-publish","hentry","dm-programa-podcast-radio-valencia-hora-14-comunitat-valenciana-2298"],"acf":{"url":"https:\/\/sdmedia.playser.cadenaser.com\/playser\/multimedia\/20241\/31\/1706715021444_1706715017_audio_128.mp3"},"_links":{"self":[{"href":"https:\/\/serbenidorm.daliisolutions.com\/index.php\/wp-json\/wp\/v2\/dm-podcast\/1912","targetHints":{"allow":["GET"]}}],"collection":[{"href":"https:\/\/serbenidorm.daliisolutions.com\/index.php\/wp-json\/wp\/v2\/dm-podcast"}],"about":[{"href":"https:\/\/serbenidorm.daliisolutions.com\/index.php\/wp-json\/wp\/v2\/types\/dm-podcast"}],"wp:attachment":[{"href":"https:\/\/serbenidorm.daliisolutions.com\/index.php\/wp-json\/wp\/v2\/media?parent=1912"}],"wp:term":[{"taxonomy":"dm-programa","embeddable":true,"href":"https:\/\/serbenidorm.daliisolutions.com\/index.php\/wp-json\/wp\/v2\/dm-programa?post=1912"}],"curies":[{"name":"wp","href":"https:\/\/api.w.org\/{rel}","templated":true}]}}

Toni Gaspar (PSPV) admite que Montero rechazó el fondo de nivelación, pero también el PP
