{"id":1913,"date":"2024-01-31T20:28:21","date_gmt":"2024-01-31T19:28:21","guid":{"rendered":"https:\/\/serbenidorm.daliisolutions.com\/index.php\/dm-podcast\/ruth-merino-consellera-de-hacienda-asegura-que-se-dirigira-al-gobierno-de-espana-con-su-propuesta-de-fondo-de-nivelacion\/"},"modified":"2024-01-31T20:28:21","modified_gmt":"2024-01-31T19:28:21","slug":"ruth-merino-consellera-de-hacienda-asegura-que-se-dirigira-al-gobierno-de-espana-con-su-propuesta-de-fondo-de-nivelacion","status":"publish","type":"dm-podcast","link":"https:\/\/serbenidorm.daliisolutions.com\/index.php\/dm-podcast\/ruth-merino-consellera-de-hacienda-asegura-que-se-dirigira-al-gobierno-de-espana-con-su-propuesta-de-fondo-de-nivelacion\/","title":{"rendered":"Ruth Merino (consellera de Hacienda) asegura que se dirigir\u00e1 al Gobierno de Espa\u00f1a con su propuesta de fondo de nivelaci\u00f3n"},"featured_media":0,"template":"","meta":{"_acf_changed":false},"dm-programa":[7],"class_list":["post-1913","dm-podcast","type-dm-podcast","status-publish","hentry","dm-programa-podcast-radio-valencia-hora-14-comunitat-valenciana-2298"],"acf":{"url":"https:\/\/sdmedia.playser.cadenaser.com\/playser\/multimedia\/20241\/31\/1706715049867_1706715052_audio_128.mp3"},"_links":{"self":[{"href":"https:\/\/serbenidorm.daliisolutions.com\/index.php\/wp-json\/wp\/v2\/dm-podcast\/1913","targetHints":{"allow":["GET"]}}],"collection":[{"href":"https:\/\/serbenidorm.daliisolutions.com\/index.php\/wp-json\/wp\/v2\/dm-podcast"}],"about":[{"href":"https:\/\/serbenidorm.daliisolutions.com\/index.php\/wp-json\/wp\/v2\/types\/dm-podcast"}],"wp:attachment":[{"href":"https:\/\/serbenidorm.daliisolutions.com\/index.php\/wp-json\/wp\/v2\/media?parent=1913"}],"wp:term":[{"taxonomy":"dm-programa","embeddable":true,"href":"https:\/\/serbenidorm.daliisolutions.com\/index.php\/wp-json\/wp\/v2\/dm-programa?post=1913"}],"curies":[{"name":"wp","href":"https:\/\/api.w.org\/{rel}","templated":true}]}}

Ruth Merino (consellera de Hacienda) asegura que se dirigirá al Gobierno de España con su propuesta de fondo de nivelación
