{"id":1945,"date":"2024-02-02T07:06:06","date_gmt":"2024-02-02T06:06:06","guid":{"rendered":"https:\/\/serbenidorm.daliisolutions.com\/index.php\/dm-podcast\/sandra-gomez-pspv-exige-a-la-alcaldesa-catala-valentia-con-peter-lim-y-transparencia\/"},"modified":"2024-02-02T07:06:06","modified_gmt":"2024-02-02T06:06:06","slug":"sandra-gomez-pspv-exige-a-la-alcaldesa-catala-valentia-con-peter-lim-y-transparencia","status":"publish","type":"dm-podcast","link":"https:\/\/serbenidorm.daliisolutions.com\/index.php\/dm-podcast\/sandra-gomez-pspv-exige-a-la-alcaldesa-catala-valentia-con-peter-lim-y-transparencia\/","title":{"rendered":"Sandra G\u00f3mez (PSPV) exige a la alcaldesa Catal\u00e1 valent\u00eda con Peter Lim y transparencia"},"featured_media":0,"template":"","meta":{"_acf_changed":false},"dm-programa":[7],"class_list":["post-1945","dm-podcast","type-dm-podcast","status-publish","hentry","dm-programa-podcast-radio-valencia-hora-14-comunitat-valenciana-2298"],"acf":{"url":"https:\/\/sdmedia.playser.cadenaser.com\/playser\/multimedia\/20242\/1\/1706795760469_1706795774_audio_128.mp3"},"_links":{"self":[{"href":"https:\/\/serbenidorm.daliisolutions.com\/index.php\/wp-json\/wp\/v2\/dm-podcast\/1945","targetHints":{"allow":["GET"]}}],"collection":[{"href":"https:\/\/serbenidorm.daliisolutions.com\/index.php\/wp-json\/wp\/v2\/dm-podcast"}],"about":[{"href":"https:\/\/serbenidorm.daliisolutions.com\/index.php\/wp-json\/wp\/v2\/types\/dm-podcast"}],"wp:attachment":[{"href":"https:\/\/serbenidorm.daliisolutions.com\/index.php\/wp-json\/wp\/v2\/media?parent=1945"}],"wp:term":[{"taxonomy":"dm-programa","embeddable":true,"href":"https:\/\/serbenidorm.daliisolutions.com\/index.php\/wp-json\/wp\/v2\/dm-programa?post=1945"}],"curies":[{"name":"wp","href":"https:\/\/api.w.org\/{rel}","templated":true}]}}

Sandra Gómez (PSPV) exige a la alcaldesa Catalá valentía con Peter Lim y transparencia
