{"id":1974,"date":"2024-02-02T16:51:07","date_gmt":"2024-02-02T15:51:07","guid":{"rendered":"https:\/\/serbenidorm.daliisolutions.com\/index.php\/dm-podcast\/francisco-chapa-ugt-he-leido-la-interpretacion-erronea-que-hace-la-responsable-maxima-de-la-conselleria-de-hacienda\/"},"modified":"2024-02-02T16:51:07","modified_gmt":"2024-02-02T15:51:07","slug":"francisco-chapa-ugt-he-leido-la-interpretacion-erronea-que-hace-la-responsable-maxima-de-la-conselleria-de-hacienda","status":"publish","type":"dm-podcast","link":"https:\/\/serbenidorm.daliisolutions.com\/index.php\/dm-podcast\/francisco-chapa-ugt-he-leido-la-interpretacion-erronea-que-hace-la-responsable-maxima-de-la-conselleria-de-hacienda\/","title":{"rendered":"Francisco Chapa (UGT): \u00abHe le\u00eddo la interpretaci\u00f3n err\u00f3nea que hace la responsable m\u00e1xima de la Conselleria de Hacienda\u00bb"},"featured_media":0,"template":"","meta":{"_acf_changed":false},"dm-programa":[7],"class_list":["post-1974","dm-podcast","type-dm-podcast","status-publish","hentry","dm-programa-podcast-radio-valencia-hora-14-comunitat-valenciana-2298"],"acf":{"url":"https:\/\/sdmedia.playser.cadenaser.com\/playser\/multimedia\/20242\/2\/1706877376387_1706877401_audio_128.mp3"},"_links":{"self":[{"href":"https:\/\/serbenidorm.daliisolutions.com\/index.php\/wp-json\/wp\/v2\/dm-podcast\/1974","targetHints":{"allow":["GET"]}}],"collection":[{"href":"https:\/\/serbenidorm.daliisolutions.com\/index.php\/wp-json\/wp\/v2\/dm-podcast"}],"about":[{"href":"https:\/\/serbenidorm.daliisolutions.com\/index.php\/wp-json\/wp\/v2\/types\/dm-podcast"}],"wp:attachment":[{"href":"https:\/\/serbenidorm.daliisolutions.com\/index.php\/wp-json\/wp\/v2\/media?parent=1974"}],"wp:term":[{"taxonomy":"dm-programa","embeddable":true,"href":"https:\/\/serbenidorm.daliisolutions.com\/index.php\/wp-json\/wp\/v2\/dm-programa?post=1974"}],"curies":[{"name":"wp","href":"https:\/\/api.w.org\/{rel}","templated":true}]}}

Francisco Chapa (UGT): «He leído la interpretación errónea que hace la responsable máxima de la Conselleria de Hacienda»
