{"id":1993,"date":"2024-02-03T17:42:46","date_gmt":"2024-02-03T16:42:46","guid":{"rendered":"https:\/\/serbenidorm.daliisolutions.com\/index.php\/dm-podcast\/raquel-rodriguez-ugt-considera-muy-grave-que-ocurra-algo-asi-en-una-administracion-publica\/"},"modified":"2024-02-03T17:42:46","modified_gmt":"2024-02-03T16:42:46","slug":"raquel-rodriguez-ugt-considera-muy-grave-que-ocurra-algo-asi-en-una-administracion-publica","status":"publish","type":"dm-podcast","link":"https:\/\/serbenidorm.daliisolutions.com\/index.php\/dm-podcast\/raquel-rodriguez-ugt-considera-muy-grave-que-ocurra-algo-asi-en-una-administracion-publica\/","title":{"rendered":"Raquel Rodr\u00edguez (UGT) considera \u00abmuy grave\u00bb que ocurra algo as\u00ed en una administraci\u00f3n p\u00fablica"},"featured_media":0,"template":"","meta":{"_acf_changed":false},"dm-programa":[7],"class_list":["post-1993","dm-podcast","type-dm-podcast","status-publish","hentry","dm-programa-podcast-radio-valencia-hora-14-comunitat-valenciana-2298"],"acf":{"url":"https:\/\/sdmedia.playser.cadenaser.com\/playser\/multimedia\/20242\/2\/1706882695783_1706882701_audio_128.mp3"},"_links":{"self":[{"href":"https:\/\/serbenidorm.daliisolutions.com\/index.php\/wp-json\/wp\/v2\/dm-podcast\/1993","targetHints":{"allow":["GET"]}}],"collection":[{"href":"https:\/\/serbenidorm.daliisolutions.com\/index.php\/wp-json\/wp\/v2\/dm-podcast"}],"about":[{"href":"https:\/\/serbenidorm.daliisolutions.com\/index.php\/wp-json\/wp\/v2\/types\/dm-podcast"}],"wp:attachment":[{"href":"https:\/\/serbenidorm.daliisolutions.com\/index.php\/wp-json\/wp\/v2\/media?parent=1993"}],"wp:term":[{"taxonomy":"dm-programa","embeddable":true,"href":"https:\/\/serbenidorm.daliisolutions.com\/index.php\/wp-json\/wp\/v2\/dm-programa?post=1993"}],"curies":[{"name":"wp","href":"https:\/\/api.w.org\/{rel}","templated":true}]}}

Raquel Rodríguez (UGT) considera «muy grave» que ocurra algo así en una administración pública
