{"id":2036,"date":"2024-02-05T17:07:07","date_gmt":"2024-02-05T16:07:07","guid":{"rendered":"https:\/\/serbenidorm.daliisolutions.com\/index.php\/dm-podcast\/jose-vicente-herrera-jefe-de-la-policia-local-vuestros-exitos-seran-los-de-la-ciudad-de-valencia\/"},"modified":"2024-02-05T17:07:07","modified_gmt":"2024-02-05T16:07:07","slug":"jose-vicente-herrera-jefe-de-la-policia-local-vuestros-exitos-seran-los-de-la-ciudad-de-valencia","status":"publish","type":"dm-podcast","link":"https:\/\/serbenidorm.daliisolutions.com\/index.php\/dm-podcast\/jose-vicente-herrera-jefe-de-la-policia-local-vuestros-exitos-seran-los-de-la-ciudad-de-valencia\/","title":{"rendered":"Jos\u00e9 Vicente Herrera (jefe de la Polic\u00eda Local): \u00abVuestros \u00e9xitos ser\u00e1n los de la ciudad de Val\u00e8ncia\u00bb"},"featured_media":0,"template":"","meta":{"_acf_changed":false},"dm-programa":[7],"class_list":["post-2036","dm-podcast","type-dm-podcast","status-publish","hentry","dm-programa-podcast-radio-valencia-hora-14-comunitat-valenciana-2298"],"acf":{"url":"https:\/\/sdmedia.playser.cadenaser.com\/playser\/multimedia\/20242\/5\/1707139855397_1707139864_audio_128.mp3"},"_links":{"self":[{"href":"https:\/\/serbenidorm.daliisolutions.com\/index.php\/wp-json\/wp\/v2\/dm-podcast\/2036","targetHints":{"allow":["GET"]}}],"collection":[{"href":"https:\/\/serbenidorm.daliisolutions.com\/index.php\/wp-json\/wp\/v2\/dm-podcast"}],"about":[{"href":"https:\/\/serbenidorm.daliisolutions.com\/index.php\/wp-json\/wp\/v2\/types\/dm-podcast"}],"wp:attachment":[{"href":"https:\/\/serbenidorm.daliisolutions.com\/index.php\/wp-json\/wp\/v2\/media?parent=2036"}],"wp:term":[{"taxonomy":"dm-programa","embeddable":true,"href":"https:\/\/serbenidorm.daliisolutions.com\/index.php\/wp-json\/wp\/v2\/dm-programa?post=2036"}],"curies":[{"name":"wp","href":"https:\/\/api.w.org\/{rel}","templated":true}]}}

José Vicente Herrera (jefe de la Policía Local): «Vuestros éxitos serán los de la ciudad de València»
