{"id":204,"date":"2023-11-29T15:22:51","date_gmt":"2023-11-29T14:22:51","guid":{"rendered":"https:\/\/serbenidorm.daliisolutions.com\/index.php\/dm-podcast\/en-la-contra-portada-de-a-vivir-cv-salva-enguix-alerta-sobre-discursos-de-odio-que-se-estan-escuchando-estos-ultimos-dias\/"},"modified":"2023-11-29T15:47:20","modified_gmt":"2023-11-29T14:47:20","slug":"en-la-contra-portada-de-a-vivir-cv-salva-enguix-alerta-sobre-discursos-de-odio-que-se-estan-escuchando-estos-ultimos-dias","status":"publish","type":"dm-podcast","link":"https:\/\/serbenidorm.daliisolutions.com\/index.php\/dm-podcast\/en-la-contra-portada-de-a-vivir-cv-salva-enguix-alerta-sobre-discursos-de-odio-que-se-estan-escuchando-estos-ultimos-dias\/","title":{"rendered":"En La Contra Portada de A Vivir CV Salva Enguix alerta sobre discursos de odio que se est\u00e1n escuchando estos \u00faltimos d\u00edas"},"featured_media":0,"template":"","meta":{"_acf_changed":false},"dm-programa":[11],"class_list":["post-204","dm-podcast","type-dm-podcast","status-publish","hentry","dm-programa-podcast-radio-valencia-a-vivir-comunitat-valenciana-2295"],"acf":{"url":"https:\/\/sdmedia.playser.cadenaser.com\/playser\/multimedia\/202311\/15\/1700047931391_1700047943_audio_128.mp3"},"_links":{"self":[{"href":"https:\/\/serbenidorm.daliisolutions.com\/index.php\/wp-json\/wp\/v2\/dm-podcast\/204","targetHints":{"allow":["GET"]}}],"collection":[{"href":"https:\/\/serbenidorm.daliisolutions.com\/index.php\/wp-json\/wp\/v2\/dm-podcast"}],"about":[{"href":"https:\/\/serbenidorm.daliisolutions.com\/index.php\/wp-json\/wp\/v2\/types\/dm-podcast"}],"wp:attachment":[{"href":"https:\/\/serbenidorm.daliisolutions.com\/index.php\/wp-json\/wp\/v2\/media?parent=204"}],"wp:term":[{"taxonomy":"dm-programa","embeddable":true,"href":"https:\/\/serbenidorm.daliisolutions.com\/index.php\/wp-json\/wp\/v2\/dm-programa?post=204"}],"curies":[{"name":"wp","href":"https:\/\/api.w.org\/{rel}","templated":true}]}}

En La Contra Portada de A Vivir CV Salva Enguix alerta sobre discursos de odio que se están escuchando estos últimos días
