{"id":2041,"date":"2024-02-05T17:54:10","date_gmt":"2024-02-05T16:54:10","guid":{"rendered":"https:\/\/serbenidorm.daliisolutions.com\/index.php\/dm-podcast\/maria-perez-pspv-psoe-sobre-la-presentacion-de-la-usap-no-es-mas-que-una-simple-reorganizacion\/"},"modified":"2024-02-05T17:54:10","modified_gmt":"2024-02-05T16:54:10","slug":"maria-perez-pspv-psoe-sobre-la-presentacion-de-la-usap-no-es-mas-que-una-simple-reorganizacion","status":"publish","type":"dm-podcast","link":"https:\/\/serbenidorm.daliisolutions.com\/index.php\/dm-podcast\/maria-perez-pspv-psoe-sobre-la-presentacion-de-la-usap-no-es-mas-que-una-simple-reorganizacion\/","title":{"rendered":"Mar\u00eda P\u00e9rez (PSPV-PSOE), sobre la presentaci\u00f3n de la USAP: \u00abNo es m\u00e1s que una simple reorganizaci\u00f3n\u00bb"},"featured_media":0,"template":"","meta":{"_acf_changed":false},"dm-programa":[7],"class_list":["post-2041","dm-podcast","type-dm-podcast","status-publish","hentry","dm-programa-podcast-radio-valencia-hora-14-comunitat-valenciana-2298"],"acf":{"url":"https:\/\/sdmedia.playser.cadenaser.com\/playser\/multimedia\/20242\/5\/1707140808545_1707140807_audio_128.mp3"},"_links":{"self":[{"href":"https:\/\/serbenidorm.daliisolutions.com\/index.php\/wp-json\/wp\/v2\/dm-podcast\/2041","targetHints":{"allow":["GET"]}}],"collection":[{"href":"https:\/\/serbenidorm.daliisolutions.com\/index.php\/wp-json\/wp\/v2\/dm-podcast"}],"about":[{"href":"https:\/\/serbenidorm.daliisolutions.com\/index.php\/wp-json\/wp\/v2\/types\/dm-podcast"}],"wp:attachment":[{"href":"https:\/\/serbenidorm.daliisolutions.com\/index.php\/wp-json\/wp\/v2\/media?parent=2041"}],"wp:term":[{"taxonomy":"dm-programa","embeddable":true,"href":"https:\/\/serbenidorm.daliisolutions.com\/index.php\/wp-json\/wp\/v2\/dm-programa?post=2041"}],"curies":[{"name":"wp","href":"https:\/\/api.w.org\/{rel}","templated":true}]}}

María Pérez (PSPV-PSOE), sobre la presentación de la USAP: «No es más que una simple reorganización»
