{"id":2075,"date":"2024-02-06T15:39:23","date_gmt":"2024-02-06T14:39:23","guid":{"rendered":"https:\/\/serbenidorm.daliisolutions.com\/index.php\/dm-podcast\/francesc-roig-compromis-pide-el-cese-de-barrera-y-nunez-por-homofobia\/"},"modified":"2024-02-06T15:39:23","modified_gmt":"2024-02-06T14:39:23","slug":"francesc-roig-compromis-pide-el-cese-de-barrera-y-nunez-por-homofobia","status":"publish","type":"dm-podcast","link":"https:\/\/serbenidorm.daliisolutions.com\/index.php\/dm-podcast\/francesc-roig-compromis-pide-el-cese-de-barrera-y-nunez-por-homofobia\/","title":{"rendered":"Francesc Roig (Comprom\u00eds) pide el cese de Barrera y N\u00fa\u00f1ez por homofobia"},"featured_media":0,"template":"","meta":{"_acf_changed":false},"dm-programa":[7],"class_list":["post-2075","dm-podcast","type-dm-podcast","status-publish","hentry","dm-programa-podcast-radio-valencia-hora-14-comunitat-valenciana-2298"],"acf":{"url":"https:\/\/sdmedia.playser.cadenaser.com\/playser\/multimedia\/20242\/6\/1707222072157_1707222092_audio_128.mp3"},"_links":{"self":[{"href":"https:\/\/serbenidorm.daliisolutions.com\/index.php\/wp-json\/wp\/v2\/dm-podcast\/2075","targetHints":{"allow":["GET"]}}],"collection":[{"href":"https:\/\/serbenidorm.daliisolutions.com\/index.php\/wp-json\/wp\/v2\/dm-podcast"}],"about":[{"href":"https:\/\/serbenidorm.daliisolutions.com\/index.php\/wp-json\/wp\/v2\/types\/dm-podcast"}],"wp:attachment":[{"href":"https:\/\/serbenidorm.daliisolutions.com\/index.php\/wp-json\/wp\/v2\/media?parent=2075"}],"wp:term":[{"taxonomy":"dm-programa","embeddable":true,"href":"https:\/\/serbenidorm.daliisolutions.com\/index.php\/wp-json\/wp\/v2\/dm-programa?post=2075"}],"curies":[{"name":"wp","href":"https:\/\/api.w.org\/{rel}","templated":true}]}}

Francesc Roig (Compromís) pide el cese de Barrera y Núñez por homofobia
