{"id":2088,"date":"2024-02-06T20:13:01","date_gmt":"2024-02-06T19:13:01","guid":{"rendered":"https:\/\/serbenidorm.daliisolutions.com\/index.php\/dm-podcast\/maria-jose-catala-somos-de-las-pocas-ciudades-que-ha-cumplido-con-la-zona-de-bajas-emisiones\/"},"modified":"2024-02-06T20:13:01","modified_gmt":"2024-02-06T19:13:01","slug":"maria-jose-catala-somos-de-las-pocas-ciudades-que-ha-cumplido-con-la-zona-de-bajas-emisiones","status":"publish","type":"dm-podcast","link":"https:\/\/serbenidorm.daliisolutions.com\/index.php\/dm-podcast\/maria-jose-catala-somos-de-las-pocas-ciudades-que-ha-cumplido-con-la-zona-de-bajas-emisiones\/","title":{"rendered":"Mar\u00eda Jos\u00e9 Catal\u00e1: \u00abSomos de las pocas ciudades que ha cumplido con la zona de Bajas Emisiones\u00bb"},"featured_media":0,"template":"","meta":{"_acf_changed":false},"dm-programa":[7],"class_list":["post-2088","dm-podcast","type-dm-podcast","status-publish","hentry","dm-programa-podcast-radio-valencia-hora-14-comunitat-valenciana-2298"],"acf":{"url":"https:\/\/sdmedia.playser.cadenaser.com\/playser\/multimedia\/20242\/6\/1707224368449_1707224385_audio_128.mp3"},"_links":{"self":[{"href":"https:\/\/serbenidorm.daliisolutions.com\/index.php\/wp-json\/wp\/v2\/dm-podcast\/2088","targetHints":{"allow":["GET"]}}],"collection":[{"href":"https:\/\/serbenidorm.daliisolutions.com\/index.php\/wp-json\/wp\/v2\/dm-podcast"}],"about":[{"href":"https:\/\/serbenidorm.daliisolutions.com\/index.php\/wp-json\/wp\/v2\/types\/dm-podcast"}],"wp:attachment":[{"href":"https:\/\/serbenidorm.daliisolutions.com\/index.php\/wp-json\/wp\/v2\/media?parent=2088"}],"wp:term":[{"taxonomy":"dm-programa","embeddable":true,"href":"https:\/\/serbenidorm.daliisolutions.com\/index.php\/wp-json\/wp\/v2\/dm-programa?post=2088"}],"curies":[{"name":"wp","href":"https:\/\/api.w.org\/{rel}","templated":true}]}}

María José Catalá: «Somos de las pocas ciudades que ha cumplido con la zona de Bajas Emisiones»
