{"id":2119,"date":"2024-02-07T12:47:01","date_gmt":"2024-02-07T11:47:01","guid":{"rendered":"https:\/\/serbenidorm.daliisolutions.com\/index.php\/dm-podcast\/el-president-carlos-mazon-destaca-el-caracter-innovador-de-la-industria-ceramica\/"},"modified":"2024-02-07T12:47:01","modified_gmt":"2024-02-07T11:47:01","slug":"el-president-carlos-mazon-destaca-el-caracter-innovador-de-la-industria-ceramica","status":"publish","type":"dm-podcast","link":"https:\/\/serbenidorm.daliisolutions.com\/index.php\/dm-podcast\/el-president-carlos-mazon-destaca-el-caracter-innovador-de-la-industria-ceramica\/","title":{"rendered":"El president Carlos Maz\u00f3n destaca el car\u00e1cter innovador de la industria cer\u00e1mica"},"featured_media":0,"template":"","meta":{"_acf_changed":false},"dm-programa":[7],"class_list":["post-2119","dm-podcast","type-dm-podcast","status-publish","hentry","dm-programa-podcast-radio-valencia-hora-14-comunitat-valenciana-2298"],"acf":{"url":"https:\/\/sdmedia.playser.cadenaser.com\/playser\/multimedia\/20242\/7\/1707302977797_1707302992_audio_128.mp3"},"_links":{"self":[{"href":"https:\/\/serbenidorm.daliisolutions.com\/index.php\/wp-json\/wp\/v2\/dm-podcast\/2119","targetHints":{"allow":["GET"]}}],"collection":[{"href":"https:\/\/serbenidorm.daliisolutions.com\/index.php\/wp-json\/wp\/v2\/dm-podcast"}],"about":[{"href":"https:\/\/serbenidorm.daliisolutions.com\/index.php\/wp-json\/wp\/v2\/types\/dm-podcast"}],"wp:attachment":[{"href":"https:\/\/serbenidorm.daliisolutions.com\/index.php\/wp-json\/wp\/v2\/media?parent=2119"}],"wp:term":[{"taxonomy":"dm-programa","embeddable":true,"href":"https:\/\/serbenidorm.daliisolutions.com\/index.php\/wp-json\/wp\/v2\/dm-programa?post=2119"}],"curies":[{"name":"wp","href":"https:\/\/api.w.org\/{rel}","templated":true}]}}

El president Carlos Mazón destaca el carácter innovador de la industria cerámica
