{"id":2129,"date":"2024-02-07T18:42:05","date_gmt":"2024-02-07T17:42:05","guid":{"rendered":"https:\/\/serbenidorm.daliisolutions.com\/index.php\/dm-podcast\/maria-jose-catala-alcaldesa-de-valencia-se-compromete-a-alcanzar-la-ratio-de-25-policias-por-cada-mil-habitantes\/"},"modified":"2024-02-07T18:42:05","modified_gmt":"2024-02-07T17:42:05","slug":"maria-jose-catala-alcaldesa-de-valencia-se-compromete-a-alcanzar-la-ratio-de-25-policias-por-cada-mil-habitantes","status":"publish","type":"dm-podcast","link":"https:\/\/serbenidorm.daliisolutions.com\/index.php\/dm-podcast\/maria-jose-catala-alcaldesa-de-valencia-se-compromete-a-alcanzar-la-ratio-de-25-policias-por-cada-mil-habitantes\/","title":{"rendered":"Mar\u00eda Jos\u00e9 Catal\u00e1 (alcaldesa de Val\u00e8ncia) se compromete a alcanzar la ratio de 2,5 polic\u00edas por cada mil habitantes"},"featured_media":0,"template":"","meta":{"_acf_changed":false},"dm-programa":[7],"class_list":["post-2129","dm-podcast","type-dm-podcast","status-publish","hentry","dm-programa-podcast-radio-valencia-hora-14-comunitat-valenciana-2298"],"acf":{"url":"https:\/\/sdmedia.playser.cadenaser.com\/playser\/multimedia\/20242\/7\/1707317219425_1707317249_audio_128.mp3"},"_links":{"self":[{"href":"https:\/\/serbenidorm.daliisolutions.com\/index.php\/wp-json\/wp\/v2\/dm-podcast\/2129","targetHints":{"allow":["GET"]}}],"collection":[{"href":"https:\/\/serbenidorm.daliisolutions.com\/index.php\/wp-json\/wp\/v2\/dm-podcast"}],"about":[{"href":"https:\/\/serbenidorm.daliisolutions.com\/index.php\/wp-json\/wp\/v2\/types\/dm-podcast"}],"wp:attachment":[{"href":"https:\/\/serbenidorm.daliisolutions.com\/index.php\/wp-json\/wp\/v2\/media?parent=2129"}],"wp:term":[{"taxonomy":"dm-programa","embeddable":true,"href":"https:\/\/serbenidorm.daliisolutions.com\/index.php\/wp-json\/wp\/v2\/dm-programa?post=2129"}],"curies":[{"name":"wp","href":"https:\/\/api.w.org\/{rel}","templated":true}]}}

María José Catalá (alcaldesa de València) se compromete a alcanzar la ratio de 2,5 policías por cada mil habitantes
