{"id":2172,"date":"2024-02-08T17:08:22","date_gmt":"2024-02-08T16:08:22","guid":{"rendered":"https:\/\/serbenidorm.daliisolutions.com\/index.php\/dm-podcast\/declaracion-institucional-tras-el-asesinato-machista-de-rocio-leido-por-la-portavoz-del-consell-ruth-merino\/"},"modified":"2024-02-08T17:08:22","modified_gmt":"2024-02-08T16:08:22","slug":"declaracion-institucional-tras-el-asesinato-machista-de-rocio-leido-por-la-portavoz-del-consell-ruth-merino","status":"publish","type":"dm-podcast","link":"https:\/\/serbenidorm.daliisolutions.com\/index.php\/dm-podcast\/declaracion-institucional-tras-el-asesinato-machista-de-rocio-leido-por-la-portavoz-del-consell-ruth-merino\/","title":{"rendered":"Declaraci\u00f3n institucional tras el asesinato machista de Roc\u00edo le\u00eddo por la portavoz del Consell, Ruth Merino"},"featured_media":0,"template":"","meta":{"_acf_changed":false},"dm-programa":[7],"class_list":["post-2172","dm-podcast","type-dm-podcast","status-publish","hentry","dm-programa-podcast-radio-valencia-hora-14-comunitat-valenciana-2298"],"acf":{"url":"https:\/\/sdmedia.playser.cadenaser.com\/playser\/multimedia\/20242\/8\/1707395469925_1707395483_audio_128.mp3"},"_links":{"self":[{"href":"https:\/\/serbenidorm.daliisolutions.com\/index.php\/wp-json\/wp\/v2\/dm-podcast\/2172","targetHints":{"allow":["GET"]}}],"collection":[{"href":"https:\/\/serbenidorm.daliisolutions.com\/index.php\/wp-json\/wp\/v2\/dm-podcast"}],"about":[{"href":"https:\/\/serbenidorm.daliisolutions.com\/index.php\/wp-json\/wp\/v2\/types\/dm-podcast"}],"wp:attachment":[{"href":"https:\/\/serbenidorm.daliisolutions.com\/index.php\/wp-json\/wp\/v2\/media?parent=2172"}],"wp:term":[{"taxonomy":"dm-programa","embeddable":true,"href":"https:\/\/serbenidorm.daliisolutions.com\/index.php\/wp-json\/wp\/v2\/dm-programa?post=2172"}],"curies":[{"name":"wp","href":"https:\/\/api.w.org\/{rel}","templated":true}]}}

Declaración institucional tras el asesinato machista de Rocío leído por la portavoz del Consell, Ruth Merino
