{"id":2189,"date":"2024-02-08T19:42:15","date_gmt":"2024-02-08T18:42:15","guid":{"rendered":"https:\/\/serbenidorm.daliisolutions.com\/index.php\/dm-podcast\/sandra-gomez-pspv-a-la-alcaldesa-catala-una-valoracion-sobre-esa-peticion-de-carcel-a-alfonso-grau\/"},"modified":"2024-02-08T19:42:15","modified_gmt":"2024-02-08T18:42:15","slug":"sandra-gomez-pspv-a-la-alcaldesa-catala-una-valoracion-sobre-esa-peticion-de-carcel-a-alfonso-grau","status":"publish","type":"dm-podcast","link":"https:\/\/serbenidorm.daliisolutions.com\/index.php\/dm-podcast\/sandra-gomez-pspv-a-la-alcaldesa-catala-una-valoracion-sobre-esa-peticion-de-carcel-a-alfonso-grau\/","title":{"rendered":"Sandra G\u00f3mez (PSPV) a la alcaldesa Catal\u00e1 una valoraci\u00f3n sobre esa petici\u00f3n de c\u00e1rcel a Alfonso Grau"},"featured_media":0,"template":"","meta":{"_acf_changed":false},"dm-programa":[7],"class_list":["post-2189","dm-podcast","type-dm-podcast","status-publish","hentry","dm-programa-podcast-radio-valencia-hora-14-comunitat-valenciana-2298"],"acf":{"url":"https:\/\/sdmedia.playser.cadenaser.com\/playser\/multimedia\/20242\/8\/1707405451592_1707405467_audio_128.mp3"},"_links":{"self":[{"href":"https:\/\/serbenidorm.daliisolutions.com\/index.php\/wp-json\/wp\/v2\/dm-podcast\/2189","targetHints":{"allow":["GET"]}}],"collection":[{"href":"https:\/\/serbenidorm.daliisolutions.com\/index.php\/wp-json\/wp\/v2\/dm-podcast"}],"about":[{"href":"https:\/\/serbenidorm.daliisolutions.com\/index.php\/wp-json\/wp\/v2\/types\/dm-podcast"}],"wp:attachment":[{"href":"https:\/\/serbenidorm.daliisolutions.com\/index.php\/wp-json\/wp\/v2\/media?parent=2189"}],"wp:term":[{"taxonomy":"dm-programa","embeddable":true,"href":"https:\/\/serbenidorm.daliisolutions.com\/index.php\/wp-json\/wp\/v2\/dm-programa?post=2189"}],"curies":[{"name":"wp","href":"https:\/\/api.w.org\/{rel}","templated":true}]}}

Sandra Gómez (PSPV) a la alcaldesa Catalá una valoración sobre esa petición de cárcel a Alfonso Grau
