{"id":2240,"date":"2024-02-09T19:25:58","date_gmt":"2024-02-09T18:25:58","guid":{"rendered":"https:\/\/serbenidorm.daliisolutions.com\/index.php\/dm-podcast\/gerard-fullana-compromis-mazon-nos-mintio-y-nos-vuelve-a-mentir\/"},"modified":"2024-02-09T19:25:58","modified_gmt":"2024-02-09T18:25:58","slug":"gerard-fullana-compromis-mazon-nos-mintio-y-nos-vuelve-a-mentir","status":"publish","type":"dm-podcast","link":"https:\/\/serbenidorm.daliisolutions.com\/index.php\/dm-podcast\/gerard-fullana-compromis-mazon-nos-mintio-y-nos-vuelve-a-mentir\/","title":{"rendered":"Gerard Fullana (Comprom\u00eds); Maz\u00f3n nos minti\u00f3 y nos vuelve a mentir"},"featured_media":0,"template":"","meta":{"_acf_changed":false},"dm-programa":[7],"class_list":["post-2240","dm-podcast","type-dm-podcast","status-publish","hentry","dm-programa-podcast-radio-valencia-hora-14-comunitat-valenciana-2298"],"acf":{"url":"https:\/\/sdmedia.playser.cadenaser.com\/playser\/multimedia\/20242\/9\/1707492060211_1707492070_audio_128.mp3"},"_links":{"self":[{"href":"https:\/\/serbenidorm.daliisolutions.com\/index.php\/wp-json\/wp\/v2\/dm-podcast\/2240","targetHints":{"allow":["GET"]}}],"collection":[{"href":"https:\/\/serbenidorm.daliisolutions.com\/index.php\/wp-json\/wp\/v2\/dm-podcast"}],"about":[{"href":"https:\/\/serbenidorm.daliisolutions.com\/index.php\/wp-json\/wp\/v2\/types\/dm-podcast"}],"wp:attachment":[{"href":"https:\/\/serbenidorm.daliisolutions.com\/index.php\/wp-json\/wp\/v2\/media?parent=2240"}],"wp:term":[{"taxonomy":"dm-programa","embeddable":true,"href":"https:\/\/serbenidorm.daliisolutions.com\/index.php\/wp-json\/wp\/v2\/dm-programa?post=2240"}],"curies":[{"name":"wp","href":"https:\/\/api.w.org\/{rel}","templated":true}]}}

Gerard Fullana (Compromís); Mazón nos mintió y nos vuelve a mentir
