{"id":2245,"date":"2024-02-10T07:38:10","date_gmt":"2024-02-10T06:38:10","guid":{"rendered":"https:\/\/serbenidorm.daliisolutions.com\/index.php\/dm-podcast\/el-conseller-de-educacion-jose-antonio-rovira-asegura-que-la-ampliacion-del-plan-edificant-beneficiaba-solo-a-municipios-gobernados-por-la-izquierda\/"},"modified":"2024-02-10T07:38:10","modified_gmt":"2024-02-10T06:38:10","slug":"el-conseller-de-educacion-jose-antonio-rovira-asegura-que-la-ampliacion-del-plan-edificant-beneficiaba-solo-a-municipios-gobernados-por-la-izquierda","status":"publish","type":"dm-podcast","link":"https:\/\/serbenidorm.daliisolutions.com\/index.php\/dm-podcast\/el-conseller-de-educacion-jose-antonio-rovira-asegura-que-la-ampliacion-del-plan-edificant-beneficiaba-solo-a-municipios-gobernados-por-la-izquierda\/","title":{"rendered":"El conseller de Educaci\u00f3n, Jos\u00e9 Antonio Rovira, asegura que la ampliaci\u00f3n del Plan Edificant beneficiaba solo a municipios gobernados por la izquierda"},"featured_media":0,"template":"","meta":{"_acf_changed":false},"dm-programa":[7],"class_list":["post-2245","dm-podcast","type-dm-podcast","status-publish","hentry","dm-programa-podcast-radio-valencia-hora-14-comunitat-valenciana-2298"],"acf":{"url":"https:\/\/sdmedia.playser.cadenaser.com\/playser\/multimedia\/20242\/9\/1707492139748_1707492168_audio_128.mp3"},"_links":{"self":[{"href":"https:\/\/serbenidorm.daliisolutions.com\/index.php\/wp-json\/wp\/v2\/dm-podcast\/2245","targetHints":{"allow":["GET"]}}],"collection":[{"href":"https:\/\/serbenidorm.daliisolutions.com\/index.php\/wp-json\/wp\/v2\/dm-podcast"}],"about":[{"href":"https:\/\/serbenidorm.daliisolutions.com\/index.php\/wp-json\/wp\/v2\/types\/dm-podcast"}],"wp:attachment":[{"href":"https:\/\/serbenidorm.daliisolutions.com\/index.php\/wp-json\/wp\/v2\/media?parent=2245"}],"wp:term":[{"taxonomy":"dm-programa","embeddable":true,"href":"https:\/\/serbenidorm.daliisolutions.com\/index.php\/wp-json\/wp\/v2\/dm-programa?post=2245"}],"curies":[{"name":"wp","href":"https:\/\/api.w.org\/{rel}","templated":true}]}}

El conseller de Educación, José Antonio Rovira, asegura que la ampliación del Plan Edificant beneficiaba solo a municipios gobernados por la izquierda
