{"id":2250,"date":"2024-02-10T07:38:10","date_gmt":"2024-02-10T06:38:10","guid":{"rendered":"https:\/\/serbenidorm.daliisolutions.com\/index.php\/dm-podcast\/todo-preparado-en-benidorm-para-el-carnaval-escucha-al-pte-de-la-asociacion-de-penas-jaime-cortes-y-al-dj-de-los-40-aitor-belda\/"},"modified":"2024-02-10T07:38:10","modified_gmt":"2024-02-10T06:38:10","slug":"todo-preparado-en-benidorm-para-el-carnaval-escucha-al-pte-de-la-asociacion-de-penas-jaime-cortes-y-al-dj-de-los-40-aitor-belda","status":"publish","type":"dm-podcast","link":"https:\/\/serbenidorm.daliisolutions.com\/index.php\/dm-podcast\/todo-preparado-en-benidorm-para-el-carnaval-escucha-al-pte-de-la-asociacion-de-penas-jaime-cortes-y-al-dj-de-los-40-aitor-belda\/","title":{"rendered":"Todo preparado en Benidorm para el Carnaval | Escucha al Pte. de la Asociaci\u00f3n de Pe\u00f1as Jaime Cort\u00e9s y al Dj de Los 40 Aitor Belda"},"featured_media":0,"template":"","meta":{"_acf_changed":false},"dm-programa":[5],"class_list":["post-2250","dm-podcast","type-dm-podcast","status-publish","hentry","dm-programa-podcast-radio-benidorm-la-ventana-de-la-marina-baixa-3376"],"acf":{"url":"https:\/\/sdmedia.playser.cadenaser.com\/playser\/multimedia\/20242\/9\/1707486290024_1707486334_audio_128.mp3"},"_links":{"self":[{"href":"https:\/\/serbenidorm.daliisolutions.com\/index.php\/wp-json\/wp\/v2\/dm-podcast\/2250","targetHints":{"allow":["GET"]}}],"collection":[{"href":"https:\/\/serbenidorm.daliisolutions.com\/index.php\/wp-json\/wp\/v2\/dm-podcast"}],"about":[{"href":"https:\/\/serbenidorm.daliisolutions.com\/index.php\/wp-json\/wp\/v2\/types\/dm-podcast"}],"wp:attachment":[{"href":"https:\/\/serbenidorm.daliisolutions.com\/index.php\/wp-json\/wp\/v2\/media?parent=2250"}],"wp:term":[{"taxonomy":"dm-programa","embeddable":true,"href":"https:\/\/serbenidorm.daliisolutions.com\/index.php\/wp-json\/wp\/v2\/dm-programa?post=2250"}],"curies":[{"name":"wp","href":"https:\/\/api.w.org\/{rel}","templated":true}]}}

Todo preparado en Benidorm para el Carnaval | Escucha al Pte. de la Asociación de Peñas Jaime Cortés y al Dj de Los 40 Aitor Belda
