{"id":2296,"date":"2024-02-13T07:15:15","date_gmt":"2024-02-13T06:15:15","guid":{"rendered":"https:\/\/serbenidorm.daliisolutions.com\/index.php\/dm-podcast\/maria-jose-catala-alcaldesa-de-valencia-explica-la-prolongacion-de-la-linea-10-de-metrovalencia-hacia-el-norte-de-la-ciudad\/"},"modified":"2024-02-13T07:15:15","modified_gmt":"2024-02-13T06:15:15","slug":"maria-jose-catala-alcaldesa-de-valencia-explica-la-prolongacion-de-la-linea-10-de-metrovalencia-hacia-el-norte-de-la-ciudad","status":"publish","type":"dm-podcast","link":"https:\/\/serbenidorm.daliisolutions.com\/index.php\/dm-podcast\/maria-jose-catala-alcaldesa-de-valencia-explica-la-prolongacion-de-la-linea-10-de-metrovalencia-hacia-el-norte-de-la-ciudad\/","title":{"rendered":"Mar\u00eda Jos\u00e9 Catal\u00e1 (alcaldesa de Val\u00e8ncia) explica la prolongaci\u00f3n de la l\u00ednea 10 de Metrovalencia hacia el norte de la ciudad"},"featured_media":0,"template":"","meta":{"_acf_changed":false},"dm-programa":[7],"class_list":["post-2296","dm-podcast","type-dm-podcast","status-publish","hentry","dm-programa-podcast-radio-valencia-hora-14-comunitat-valenciana-2298"],"acf":{"url":"https:\/\/sdmedia.playser.cadenaser.com\/playser\/multimedia\/20242\/12\/1707740007918_1707740048_audio_128.mp3"},"_links":{"self":[{"href":"https:\/\/serbenidorm.daliisolutions.com\/index.php\/wp-json\/wp\/v2\/dm-podcast\/2296","targetHints":{"allow":["GET"]}}],"collection":[{"href":"https:\/\/serbenidorm.daliisolutions.com\/index.php\/wp-json\/wp\/v2\/dm-podcast"}],"about":[{"href":"https:\/\/serbenidorm.daliisolutions.com\/index.php\/wp-json\/wp\/v2\/types\/dm-podcast"}],"wp:attachment":[{"href":"https:\/\/serbenidorm.daliisolutions.com\/index.php\/wp-json\/wp\/v2\/media?parent=2296"}],"wp:term":[{"taxonomy":"dm-programa","embeddable":true,"href":"https:\/\/serbenidorm.daliisolutions.com\/index.php\/wp-json\/wp\/v2\/dm-programa?post=2296"}],"curies":[{"name":"wp","href":"https:\/\/api.w.org\/{rel}","templated":true}]}}

María José Catalá (alcaldesa de València) explica la prolongación de la línea 10 de Metrovalencia hacia el norte de la ciudad
