{"id":2299,"date":"2024-02-13T07:15:15","date_gmt":"2024-02-13T06:15:15","guid":{"rendered":"https:\/\/serbenidorm.daliisolutions.com\/index.php\/dm-podcast\/carlos-mazon-quien-tendra-que-responder-sera-quien-autoriza-el-trato-de-favor-puig-bravo-o-jose-maria-angel\/"},"modified":"2024-02-13T07:15:15","modified_gmt":"2024-02-13T06:15:15","slug":"carlos-mazon-quien-tendra-que-responder-sera-quien-autoriza-el-trato-de-favor-puig-bravo-o-jose-maria-angel","status":"publish","type":"dm-podcast","link":"https:\/\/serbenidorm.daliisolutions.com\/index.php\/dm-podcast\/carlos-mazon-quien-tendra-que-responder-sera-quien-autoriza-el-trato-de-favor-puig-bravo-o-jose-maria-angel\/","title":{"rendered":"Carlos Maz\u00f3n: \u00abQuien tendr\u00e1 que responder ser\u00e1 quien autoriza el trato de favor: Puig, Bravo o Jos\u00e9 Mar\u00eda \u00c1ngel\u00bb"},"featured_media":0,"template":"","meta":{"_acf_changed":false},"dm-programa":[7],"class_list":["post-2299","dm-podcast","type-dm-podcast","status-publish","hentry","dm-programa-podcast-radio-valencia-hora-14-comunitat-valenciana-2298"],"acf":{"url":"https:\/\/sdmedia.playser.cadenaser.com\/playser\/multimedia\/20242\/12\/1707742158179_1707742197_audio_128.mp3"},"_links":{"self":[{"href":"https:\/\/serbenidorm.daliisolutions.com\/index.php\/wp-json\/wp\/v2\/dm-podcast\/2299","targetHints":{"allow":["GET"]}}],"collection":[{"href":"https:\/\/serbenidorm.daliisolutions.com\/index.php\/wp-json\/wp\/v2\/dm-podcast"}],"about":[{"href":"https:\/\/serbenidorm.daliisolutions.com\/index.php\/wp-json\/wp\/v2\/types\/dm-podcast"}],"wp:attachment":[{"href":"https:\/\/serbenidorm.daliisolutions.com\/index.php\/wp-json\/wp\/v2\/media?parent=2299"}],"wp:term":[{"taxonomy":"dm-programa","embeddable":true,"href":"https:\/\/serbenidorm.daliisolutions.com\/index.php\/wp-json\/wp\/v2\/dm-programa?post=2299"}],"curies":[{"name":"wp","href":"https:\/\/api.w.org\/{rel}","templated":true}]}}

Carlos Mazón: «Quien tendrá que responder será quien autoriza el trato de favor: Puig, Bravo o José María Ángel»
