{"id":2330,"date":"2024-02-13T16:00:43","date_gmt":"2024-02-13T15:00:43","guid":{"rendered":"https:\/\/serbenidorm.daliisolutions.com\/index.php\/dm-podcast\/en-educando-en-inclusion-la-maestra-sonia-montesinos-nos-cuenta-como-es-su-experiencia-como-tutora-de-otras-maestras-en-practicas\/"},"modified":"2024-02-13T16:00:43","modified_gmt":"2024-02-13T15:00:43","slug":"en-educando-en-inclusion-la-maestra-sonia-montesinos-nos-cuenta-como-es-su-experiencia-como-tutora-de-otras-maestras-en-practicas","status":"publish","type":"dm-podcast","link":"https:\/\/serbenidorm.daliisolutions.com\/index.php\/dm-podcast\/en-educando-en-inclusion-la-maestra-sonia-montesinos-nos-cuenta-como-es-su-experiencia-como-tutora-de-otras-maestras-en-practicas\/","title":{"rendered":"En Educando en Inclusi\u00f3n la maestra Sonia Montesinos nos cuenta c\u00f3mo es su experiencia como tutora de otras maestras en pr\u00e1cticas"},"featured_media":0,"template":"","meta":{"_acf_changed":false},"dm-programa":[2],"class_list":["post-2330","dm-podcast","type-dm-podcast","status-publish","hentry","dm-programa-podcast-radio-benidorm-3154"],"acf":{"url":"https:\/\/sdmedia.playser.cadenaser.com\/playser\/multimedia\/20242\/13\/1707828077193_1707828282_audio_128.mp3"},"_links":{"self":[{"href":"https:\/\/serbenidorm.daliisolutions.com\/index.php\/wp-json\/wp\/v2\/dm-podcast\/2330","targetHints":{"allow":["GET"]}}],"collection":[{"href":"https:\/\/serbenidorm.daliisolutions.com\/index.php\/wp-json\/wp\/v2\/dm-podcast"}],"about":[{"href":"https:\/\/serbenidorm.daliisolutions.com\/index.php\/wp-json\/wp\/v2\/types\/dm-podcast"}],"wp:attachment":[{"href":"https:\/\/serbenidorm.daliisolutions.com\/index.php\/wp-json\/wp\/v2\/media?parent=2330"}],"wp:term":[{"taxonomy":"dm-programa","embeddable":true,"href":"https:\/\/serbenidorm.daliisolutions.com\/index.php\/wp-json\/wp\/v2\/dm-programa?post=2330"}],"curies":[{"name":"wp","href":"https:\/\/api.w.org\/{rel}","templated":true}]}}

En Educando en Inclusión la maestra Sonia Montesinos nos cuenta cómo es su experiencia como tutora de otras maestras en prácticas
