{"id":2336,"date":"2024-02-13T18:24:13","date_gmt":"2024-02-13T17:24:13","guid":{"rendered":""},"modified":"2024-02-13T18:24:13","modified_gmt":"2024-02-13T17:24:13","slug":"pilar-bernabe-delegada-del-gobierno-en-la-comunitat-valenciana-reconoce-que-la-principal-hipotesis-sobre-la-investigacion-de-los-dos-ultimos-incendios-de-el-saler-apunta-a-que-podrian-ser-intenciona","status":"publish","type":"dm-podcast","link":"https:\/\/serbenidorm.daliisolutions.com\/index.php\/dm-podcast\/pilar-bernabe-delegada-del-gobierno-en-la-comunitat-valenciana-reconoce-que-la-principal-hipotesis-sobre-la-investigacion-de-los-dos-ultimos-incendios-de-el-saler-apunta-a-que-podrian-ser-intenciona\/","title":{"rendered":"Pilar Bernab\u00e9 (delegada del Gobierno en la Comunitat Valenciana) reconoce que la principal hip\u00f3tesis sobre la investigaci\u00f3n de los dos \u00faltimos incendios de El Saler apunta a que podr\u00edan ser intencionados"},"featured_media":0,"template":"","meta":{"_acf_changed":false},"dm-programa":[7],"class_list":["post-2336","dm-podcast","type-dm-podcast","status-publish","hentry","dm-programa-podcast-radio-valencia-hora-14-comunitat-valenciana-2298"],"acf":{"url":"https:\/\/sdmedia.playser.cadenaser.com\/playser\/multimedia\/20242\/13\/1707833401022_1707833399_audio_128.mp3"},"_links":{"self":[{"href":"https:\/\/serbenidorm.daliisolutions.com\/index.php\/wp-json\/wp\/v2\/dm-podcast\/2336","targetHints":{"allow":["GET"]}}],"collection":[{"href":"https:\/\/serbenidorm.daliisolutions.com\/index.php\/wp-json\/wp\/v2\/dm-podcast"}],"about":[{"href":"https:\/\/serbenidorm.daliisolutions.com\/index.php\/wp-json\/wp\/v2\/types\/dm-podcast"}],"wp:attachment":[{"href":"https:\/\/serbenidorm.daliisolutions.com\/index.php\/wp-json\/wp\/v2\/media?parent=2336"}],"wp:term":[{"taxonomy":"dm-programa","embeddable":true,"href":"https:\/\/serbenidorm.daliisolutions.com\/index.php\/wp-json\/wp\/v2\/dm-programa?post=2336"}],"curies":[{"name":"wp","href":"https:\/\/api.w.org\/{rel}","templated":true}]}}

Pilar Bernabé (delegada del Gobierno en la Comunitat Valenciana) reconoce que la principal hipótesis sobre la investigación de los dos últimos incendios de El Saler apunta a que podrían ser intencionados
