{"id":2337,"date":"2024-02-13T18:24:13","date_gmt":"2024-02-13T17:24:13","guid":{"rendered":"https:\/\/serbenidorm.daliisolutions.com\/index.php\/dm-podcast\/maria-jose-catala-alcaldesa-de-valencia-pide-a-la-justicia-maxima-contundencia-ante-los-incendios-en-el-saler\/"},"modified":"2024-02-13T18:24:13","modified_gmt":"2024-02-13T17:24:13","slug":"maria-jose-catala-alcaldesa-de-valencia-pide-a-la-justicia-maxima-contundencia-ante-los-incendios-en-el-saler","status":"publish","type":"dm-podcast","link":"https:\/\/serbenidorm.daliisolutions.com\/index.php\/dm-podcast\/maria-jose-catala-alcaldesa-de-valencia-pide-a-la-justicia-maxima-contundencia-ante-los-incendios-en-el-saler\/","title":{"rendered":"Mar\u00eda Jos\u00e9 Catal\u00e1 (alcaldesa de Val\u00e8ncia) pide a la justicia m\u00e1xima contundencia ante los incendios en El Saler"},"featured_media":0,"template":"","meta":{"_acf_changed":false},"dm-programa":[7],"class_list":["post-2337","dm-podcast","type-dm-podcast","status-publish","hentry","dm-programa-podcast-radio-valencia-hora-14-comunitat-valenciana-2298"],"acf":{"url":"https:\/\/sdmedia.playser.cadenaser.com\/playser\/multimedia\/20242\/13\/1707833506176_1707833499_audio_128.mp3"},"_links":{"self":[{"href":"https:\/\/serbenidorm.daliisolutions.com\/index.php\/wp-json\/wp\/v2\/dm-podcast\/2337","targetHints":{"allow":["GET"]}}],"collection":[{"href":"https:\/\/serbenidorm.daliisolutions.com\/index.php\/wp-json\/wp\/v2\/dm-podcast"}],"about":[{"href":"https:\/\/serbenidorm.daliisolutions.com\/index.php\/wp-json\/wp\/v2\/types\/dm-podcast"}],"wp:attachment":[{"href":"https:\/\/serbenidorm.daliisolutions.com\/index.php\/wp-json\/wp\/v2\/media?parent=2337"}],"wp:term":[{"taxonomy":"dm-programa","embeddable":true,"href":"https:\/\/serbenidorm.daliisolutions.com\/index.php\/wp-json\/wp\/v2\/dm-programa?post=2337"}],"curies":[{"name":"wp","href":"https:\/\/api.w.org\/{rel}","templated":true}]}}

María José Catalá (alcaldesa de València) pide a la justicia máxima contundencia ante los incendios en El Saler
