{"id":2339,"date":"2024-02-13T18:24:13","date_gmt":"2024-02-13T17:24:13","guid":{"rendered":"https:\/\/serbenidorm.daliisolutions.com\/index.php\/dm-podcast\/elisa-valia-pspv-psoe-lamenta-que-el-saler-este-en-manos-de-incompetentes-que-no-saben-hacer-otra-cosa-que-hablar-de-la-gestion-del-anterior-gobierno\/"},"modified":"2024-02-13T18:24:13","modified_gmt":"2024-02-13T17:24:13","slug":"elisa-valia-pspv-psoe-lamenta-que-el-saler-este-en-manos-de-incompetentes-que-no-saben-hacer-otra-cosa-que-hablar-de-la-gestion-del-anterior-gobierno","status":"publish","type":"dm-podcast","link":"https:\/\/serbenidorm.daliisolutions.com\/index.php\/dm-podcast\/elisa-valia-pspv-psoe-lamenta-que-el-saler-este-en-manos-de-incompetentes-que-no-saben-hacer-otra-cosa-que-hablar-de-la-gestion-del-anterior-gobierno\/","title":{"rendered":"Elisa Val\u00eda (PSPV-PSOE) lamenta que El Saler est\u00e9 en manos de incompetentes que no saben hacer otra cosa que hablar de la gesti\u00f3n del anterior Gobierno"},"featured_media":0,"template":"","meta":{"_acf_changed":false},"dm-programa":[7],"class_list":["post-2339","dm-podcast","type-dm-podcast","status-publish","hentry","dm-programa-podcast-radio-valencia-hora-14-comunitat-valenciana-2298"],"acf":{"url":"https:\/\/sdmedia.playser.cadenaser.com\/playser\/multimedia\/20242\/13\/1707833556559_1707833557_audio_128.mp3"},"_links":{"self":[{"href":"https:\/\/serbenidorm.daliisolutions.com\/index.php\/wp-json\/wp\/v2\/dm-podcast\/2339","targetHints":{"allow":["GET"]}}],"collection":[{"href":"https:\/\/serbenidorm.daliisolutions.com\/index.php\/wp-json\/wp\/v2\/dm-podcast"}],"about":[{"href":"https:\/\/serbenidorm.daliisolutions.com\/index.php\/wp-json\/wp\/v2\/types\/dm-podcast"}],"wp:attachment":[{"href":"https:\/\/serbenidorm.daliisolutions.com\/index.php\/wp-json\/wp\/v2\/media?parent=2339"}],"wp:term":[{"taxonomy":"dm-programa","embeddable":true,"href":"https:\/\/serbenidorm.daliisolutions.com\/index.php\/wp-json\/wp\/v2\/dm-programa?post=2339"}],"curies":[{"name":"wp","href":"https:\/\/api.w.org\/{rel}","templated":true}]}}

Elisa Valía (PSPV-PSOE) lamenta que El Saler esté en manos de incompetentes que no saben hacer otra cosa que hablar de la gestión del anterior Gobierno
