{"id":2391,"date":"2024-02-14T20:56:45","date_gmt":"2024-02-14T19:56:45","guid":{"rendered":"https:\/\/serbenidorm.daliisolutions.com\/index.php\/dm-podcast\/marciano-gomez-conseller-de-sanitat-anuncia-que-solicitara-a-hacienda-una-linea-especifica-en-los-presupuestos-para-salud-mental\/"},"modified":"2024-02-14T20:56:45","modified_gmt":"2024-02-14T19:56:45","slug":"marciano-gomez-conseller-de-sanitat-anuncia-que-solicitara-a-hacienda-una-linea-especifica-en-los-presupuestos-para-salud-mental","status":"publish","type":"dm-podcast","link":"https:\/\/serbenidorm.daliisolutions.com\/index.php\/dm-podcast\/marciano-gomez-conseller-de-sanitat-anuncia-que-solicitara-a-hacienda-una-linea-especifica-en-los-presupuestos-para-salud-mental\/","title":{"rendered":"Marciano G\u00f3mez (conseller de Sanitat) anuncia que solicitar\u00e1 a Hacienda una l\u00ednea espec\u00edfica en los presupuestos para salud mental"},"featured_media":0,"template":"","meta":{"_acf_changed":false},"dm-programa":[7],"class_list":["post-2391","dm-podcast","type-dm-podcast","status-publish","hentry","dm-programa-podcast-radio-valencia-hora-14-comunitat-valenciana-2298"],"acf":{"url":"https:\/\/sdmedia.playser.cadenaser.com\/playser\/multimedia\/20242\/14\/1707930524914_1707930537_audio_128.mp3"},"_links":{"self":[{"href":"https:\/\/serbenidorm.daliisolutions.com\/index.php\/wp-json\/wp\/v2\/dm-podcast\/2391","targetHints":{"allow":["GET"]}}],"collection":[{"href":"https:\/\/serbenidorm.daliisolutions.com\/index.php\/wp-json\/wp\/v2\/dm-podcast"}],"about":[{"href":"https:\/\/serbenidorm.daliisolutions.com\/index.php\/wp-json\/wp\/v2\/types\/dm-podcast"}],"wp:attachment":[{"href":"https:\/\/serbenidorm.daliisolutions.com\/index.php\/wp-json\/wp\/v2\/media?parent=2391"}],"wp:term":[{"taxonomy":"dm-programa","embeddable":true,"href":"https:\/\/serbenidorm.daliisolutions.com\/index.php\/wp-json\/wp\/v2\/dm-programa?post=2391"}],"curies":[{"name":"wp","href":"https:\/\/api.w.org\/{rel}","templated":true}]}}

Marciano Gómez (conseller de Sanitat) anuncia que solicitará a Hacienda una línea específica en los presupuestos para salud mental
