{"id":2416,"date":"2024-02-15T13:59:02","date_gmt":"2024-02-15T12:59:02","guid":{"rendered":"https:\/\/serbenidorm.daliisolutions.com\/index.php\/dm-podcast\/pablo-vera-director-del-ibmcp-csic-defiende-las-nuevas-tecnicas-de-edicion-genetica-autorizadas-por-la-ue\/"},"modified":"2024-02-15T13:59:02","modified_gmt":"2024-02-15T12:59:02","slug":"pablo-vera-director-del-ibmcp-csic-defiende-las-nuevas-tecnicas-de-edicion-genetica-autorizadas-por-la-ue","status":"publish","type":"dm-podcast","link":"https:\/\/serbenidorm.daliisolutions.com\/index.php\/dm-podcast\/pablo-vera-director-del-ibmcp-csic-defiende-las-nuevas-tecnicas-de-edicion-genetica-autorizadas-por-la-ue\/","title":{"rendered":"Pablo Vera (director del IBMCP-CSIC) defiende las nuevas t\u00e9cnicas de edici\u00f3n gen\u00e9tica autorizadas por la UE"},"featured_media":0,"template":"","meta":{"_acf_changed":false},"dm-programa":[7],"class_list":["post-2416","dm-podcast","type-dm-podcast","status-publish","hentry","dm-programa-podcast-radio-valencia-hora-14-comunitat-valenciana-2298"],"acf":{"url":"https:\/\/sdmedia.playser.cadenaser.com\/playser\/multimedia\/20242\/15\/1707995462943_1707995494_audio_128.mp3"},"_links":{"self":[{"href":"https:\/\/serbenidorm.daliisolutions.com\/index.php\/wp-json\/wp\/v2\/dm-podcast\/2416","targetHints":{"allow":["GET"]}}],"collection":[{"href":"https:\/\/serbenidorm.daliisolutions.com\/index.php\/wp-json\/wp\/v2\/dm-podcast"}],"about":[{"href":"https:\/\/serbenidorm.daliisolutions.com\/index.php\/wp-json\/wp\/v2\/types\/dm-podcast"}],"wp:attachment":[{"href":"https:\/\/serbenidorm.daliisolutions.com\/index.php\/wp-json\/wp\/v2\/media?parent=2416"}],"wp:term":[{"taxonomy":"dm-programa","embeddable":true,"href":"https:\/\/serbenidorm.daliisolutions.com\/index.php\/wp-json\/wp\/v2\/dm-programa?post=2416"}],"curies":[{"name":"wp","href":"https:\/\/api.w.org\/{rel}","templated":true}]}}

Pablo Vera (director del IBMCP-CSIC) defiende las nuevas técnicas de edición genética autorizadas por la UE
