{"id":2428,"date":"2024-02-15T18:20:10","date_gmt":"2024-02-15T17:20:10","guid":{"rendered":"https:\/\/serbenidorm.daliisolutions.com\/index.php\/dm-podcast\/el-director-general-de-informacion-sanitaria-calidad-y-evaluacion-juan-beltran-destaca-que-la-prioridad-es-atender-a-los-pacientes-de-prioridad-quirurgica-1\/"},"modified":"2024-02-15T18:20:10","modified_gmt":"2024-02-15T17:20:10","slug":"el-director-general-de-informacion-sanitaria-calidad-y-evaluacion-juan-beltran-destaca-que-la-prioridad-es-atender-a-los-pacientes-de-prioridad-quirurgica-1","status":"publish","type":"dm-podcast","link":"https:\/\/serbenidorm.daliisolutions.com\/index.php\/dm-podcast\/el-director-general-de-informacion-sanitaria-calidad-y-evaluacion-juan-beltran-destaca-que-la-prioridad-es-atender-a-los-pacientes-de-prioridad-quirurgica-1\/","title":{"rendered":"El director general de Informaci\u00f3n Sanitaria, Calidad y Evaluaci\u00f3n, Juan Beltr\u00e1n. destaca que la prioridad es atender a los pacientes de prioridad quir\u00fargica 1"},"featured_media":0,"template":"","meta":{"_acf_changed":false},"dm-programa":[7],"class_list":["post-2428","dm-podcast","type-dm-podcast","status-publish","hentry","dm-programa-podcast-radio-valencia-hora-14-comunitat-valenciana-2298"],"acf":{"url":"https:\/\/sdmedia.playser.cadenaser.com\/playser\/multimedia\/20242\/15\/1708010351295_1708010387_audio_128.mp3"},"_links":{"self":[{"href":"https:\/\/serbenidorm.daliisolutions.com\/index.php\/wp-json\/wp\/v2\/dm-podcast\/2428","targetHints":{"allow":["GET"]}}],"collection":[{"href":"https:\/\/serbenidorm.daliisolutions.com\/index.php\/wp-json\/wp\/v2\/dm-podcast"}],"about":[{"href":"https:\/\/serbenidorm.daliisolutions.com\/index.php\/wp-json\/wp\/v2\/types\/dm-podcast"}],"wp:attachment":[{"href":"https:\/\/serbenidorm.daliisolutions.com\/index.php\/wp-json\/wp\/v2\/media?parent=2428"}],"wp:term":[{"taxonomy":"dm-programa","embeddable":true,"href":"https:\/\/serbenidorm.daliisolutions.com\/index.php\/wp-json\/wp\/v2\/dm-programa?post=2428"}],"curies":[{"name":"wp","href":"https:\/\/api.w.org\/{rel}","templated":true}]}}

El director general de Información Sanitaria, Calidad y Evaluación, Juan Beltrán. destaca que la prioridad es atender a los pacientes de prioridad quirúrgica 1
