{"id":2450,"date":"2024-02-16T14:27:17","date_gmt":"2024-02-16T13:27:17","guid":{"rendered":"https:\/\/serbenidorm.daliisolutions.com\/index.php\/dm-podcast\/la-edil-de-sanidad-de-la-vila-joiosa-maite-sanchez-nos-cuenta-cual-ha-sido-la-musica-de-tu-vida\/"},"modified":"2024-02-16T14:27:17","modified_gmt":"2024-02-16T13:27:17","slug":"la-edil-de-sanidad-de-la-vila-joiosa-maite-sanchez-nos-cuenta-cual-ha-sido-la-musica-de-tu-vida","status":"publish","type":"dm-podcast","link":"https:\/\/serbenidorm.daliisolutions.com\/index.php\/dm-podcast\/la-edil-de-sanidad-de-la-vila-joiosa-maite-sanchez-nos-cuenta-cual-ha-sido-la-musica-de-tu-vida\/","title":{"rendered":"La edil de Sanidad de La Vila Joiosa, Maite S\u00e1nchez, nos cuenta cu\u00e1l ha sido La M\u00fasica de Tu Vida"},"featured_media":0,"template":"","meta":{"_acf_changed":false},"dm-programa":[2],"class_list":["post-2450","dm-podcast","type-dm-podcast","status-publish","hentry","dm-programa-podcast-radio-benidorm-3154"],"acf":{"url":"https:\/\/sdmedia.playser.cadenaser.com\/playser\/multimedia\/20242\/16\/1708086593332_1708086734_audio_128.mp3"},"_links":{"self":[{"href":"https:\/\/serbenidorm.daliisolutions.com\/index.php\/wp-json\/wp\/v2\/dm-podcast\/2450","targetHints":{"allow":["GET"]}}],"collection":[{"href":"https:\/\/serbenidorm.daliisolutions.com\/index.php\/wp-json\/wp\/v2\/dm-podcast"}],"about":[{"href":"https:\/\/serbenidorm.daliisolutions.com\/index.php\/wp-json\/wp\/v2\/types\/dm-podcast"}],"wp:attachment":[{"href":"https:\/\/serbenidorm.daliisolutions.com\/index.php\/wp-json\/wp\/v2\/media?parent=2450"}],"wp:term":[{"taxonomy":"dm-programa","embeddable":true,"href":"https:\/\/serbenidorm.daliisolutions.com\/index.php\/wp-json\/wp\/v2\/dm-programa?post=2450"}],"curies":[{"name":"wp","href":"https:\/\/api.w.org\/{rel}","templated":true}]}}

La edil de Sanidad de La Vila Joiosa, Maite Sánchez, nos cuenta cuál ha sido La Música de Tu Vida
