{"id":2456,"date":"2024-02-16T16:43:05","date_gmt":"2024-02-16T15:43:05","guid":{"rendered":"https:\/\/serbenidorm.daliisolutions.com\/index.php\/dm-podcast\/ruth-merino-asegura-que-la-comision-interdepartamental-para-la-mejora-de-la-eficiencia-del-gasto-publico-persigue-estudiar-si-las-politicas-son-efectivas\/"},"modified":"2024-02-16T16:43:05","modified_gmt":"2024-02-16T15:43:05","slug":"ruth-merino-asegura-que-la-comision-interdepartamental-para-la-mejora-de-la-eficiencia-del-gasto-publico-persigue-estudiar-si-las-politicas-son-efectivas","status":"publish","type":"dm-podcast","link":"https:\/\/serbenidorm.daliisolutions.com\/index.php\/dm-podcast\/ruth-merino-asegura-que-la-comision-interdepartamental-para-la-mejora-de-la-eficiencia-del-gasto-publico-persigue-estudiar-si-las-politicas-son-efectivas\/","title":{"rendered":"Ruth Merino asegura que la Comisi\u00f3n Interdepartamental para la Mejora de la Eficiencia del Gasto P\u00fablico persigue estudiar si las pol\u00edticas son efectivas"},"featured_media":0,"template":"","meta":{"_acf_changed":false},"dm-programa":[7],"class_list":["post-2456","dm-podcast","type-dm-podcast","status-publish","hentry","dm-programa-podcast-radio-valencia-hora-14-comunitat-valenciana-2298"],"acf":{"url":"https:\/\/sdmedia.playser.cadenaser.com\/playser\/multimedia\/20242\/16\/1708087567980_1708087602_audio_128.mp3"},"_links":{"self":[{"href":"https:\/\/serbenidorm.daliisolutions.com\/index.php\/wp-json\/wp\/v2\/dm-podcast\/2456","targetHints":{"allow":["GET"]}}],"collection":[{"href":"https:\/\/serbenidorm.daliisolutions.com\/index.php\/wp-json\/wp\/v2\/dm-podcast"}],"about":[{"href":"https:\/\/serbenidorm.daliisolutions.com\/index.php\/wp-json\/wp\/v2\/types\/dm-podcast"}],"wp:attachment":[{"href":"https:\/\/serbenidorm.daliisolutions.com\/index.php\/wp-json\/wp\/v2\/media?parent=2456"}],"wp:term":[{"taxonomy":"dm-programa","embeddable":true,"href":"https:\/\/serbenidorm.daliisolutions.com\/index.php\/wp-json\/wp\/v2\/dm-programa?post=2456"}],"curies":[{"name":"wp","href":"https:\/\/api.w.org\/{rel}","templated":true}]}}

Ruth Merino asegura que la Comisión Interdepartamental para la Mejora de la Eficiencia del Gasto Público persigue estudiar si las políticas son efectivas
