{"id":2515,"date":"2024-02-19T16:20:56","date_gmt":"2024-02-19T15:20:56","guid":{"rendered":""},"modified":"2024-02-19T16:20:56","modified_gmt":"2024-02-19T15:20:56","slug":"teresa-ribera-ministra-de-transicion-ecologica-cree-que-la-sentencia-del-tribunal-supremo-que-anula-el-reglamento-de-la-ley-de-costas-le-da-la-razon-y-muestra-su-intencion-de-recuperar-dicho-reglame","status":"publish","type":"dm-podcast","link":"https:\/\/serbenidorm.daliisolutions.com\/index.php\/dm-podcast\/teresa-ribera-ministra-de-transicion-ecologica-cree-que-la-sentencia-del-tribunal-supremo-que-anula-el-reglamento-de-la-ley-de-costas-le-da-la-razon-y-muestra-su-intencion-de-recuperar-dicho-reglame\/","title":{"rendered":"Teresa Ribera (ministra de Transici\u00f3n Ecol\u00f3gica) cree que la sentencia del Tribunal Supremo que anula el reglamento de la Ley de Costas le da la raz\u00f3n y muestra su intenci\u00f3n de recuperar dicho reglamento"},"featured_media":0,"template":"","meta":{"_acf_changed":false},"dm-programa":[7],"class_list":["post-2515","dm-podcast","type-dm-podcast","status-publish","hentry","dm-programa-podcast-radio-valencia-hora-14-comunitat-valenciana-2298"],"acf":{"url":"https:\/\/sdmedia.playser.cadenaser.com\/playser\/multimedia\/20242\/19\/1708349193247_1708349207_audio_128.mp3"},"_links":{"self":[{"href":"https:\/\/serbenidorm.daliisolutions.com\/index.php\/wp-json\/wp\/v2\/dm-podcast\/2515","targetHints":{"allow":["GET"]}}],"collection":[{"href":"https:\/\/serbenidorm.daliisolutions.com\/index.php\/wp-json\/wp\/v2\/dm-podcast"}],"about":[{"href":"https:\/\/serbenidorm.daliisolutions.com\/index.php\/wp-json\/wp\/v2\/types\/dm-podcast"}],"wp:attachment":[{"href":"https:\/\/serbenidorm.daliisolutions.com\/index.php\/wp-json\/wp\/v2\/media?parent=2515"}],"wp:term":[{"taxonomy":"dm-programa","embeddable":true,"href":"https:\/\/serbenidorm.daliisolutions.com\/index.php\/wp-json\/wp\/v2\/dm-programa?post=2515"}],"curies":[{"name":"wp","href":"https:\/\/api.w.org\/{rel}","templated":true}]}}

Teresa Ribera (ministra de Transición Ecológica) cree que la sentencia del Tribunal Supremo que anula el reglamento de la Ley de Costas le da la razón y muestra su intención de recuperar dicho reglamento
