{"id":2590,"date":"2024-02-21T16:47:24","date_gmt":"2024-02-21T15:47:24","guid":{"rendered":"https:\/\/serbenidorm.daliisolutions.com\/index.php\/dm-podcast\/ana-pellicer-y-toya-blazquez-nos-cuenta-como-el-archivo-de-benidorm-es-fuente-de-informacion-de-investigadores-y-doctorandos\/"},"modified":"2024-02-21T16:47:24","modified_gmt":"2024-02-21T15:47:24","slug":"ana-pellicer-y-toya-blazquez-nos-cuenta-como-el-archivo-de-benidorm-es-fuente-de-informacion-de-investigadores-y-doctorandos","status":"publish","type":"dm-podcast","link":"https:\/\/serbenidorm.daliisolutions.com\/index.php\/dm-podcast\/ana-pellicer-y-toya-blazquez-nos-cuenta-como-el-archivo-de-benidorm-es-fuente-de-informacion-de-investigadores-y-doctorandos\/","title":{"rendered":"Ana Pellicer y Toya Bl\u00e1zquez nos cuenta c\u00f3mo el Archivo de Benidorm es fuente de informaci\u00f3n de investigadores y doctorandos"},"featured_media":0,"template":"","meta":{"_acf_changed":false},"dm-programa":[2],"class_list":["post-2590","dm-podcast","type-dm-podcast","status-publish","hentry","dm-programa-podcast-radio-benidorm-3154"],"acf":{"url":"https:\/\/sdmedia.playser.cadenaser.com\/playser\/multimedia\/20242\/21\/1708526170212_1708526450_audio_128.mp3"},"_links":{"self":[{"href":"https:\/\/serbenidorm.daliisolutions.com\/index.php\/wp-json\/wp\/v2\/dm-podcast\/2590","targetHints":{"allow":["GET"]}}],"collection":[{"href":"https:\/\/serbenidorm.daliisolutions.com\/index.php\/wp-json\/wp\/v2\/dm-podcast"}],"about":[{"href":"https:\/\/serbenidorm.daliisolutions.com\/index.php\/wp-json\/wp\/v2\/types\/dm-podcast"}],"wp:attachment":[{"href":"https:\/\/serbenidorm.daliisolutions.com\/index.php\/wp-json\/wp\/v2\/media?parent=2590"}],"wp:term":[{"taxonomy":"dm-programa","embeddable":true,"href":"https:\/\/serbenidorm.daliisolutions.com\/index.php\/wp-json\/wp\/v2\/dm-programa?post=2590"}],"curies":[{"name":"wp","href":"https:\/\/api.w.org\/{rel}","templated":true}]}}

Ana Pellicer y Toya Blázquez nos cuenta cómo el Archivo de Benidorm es fuente de información de investigadores y doctorandos
