{"id":2591,"date":"2024-02-21T17:37:31","date_gmt":"2024-02-21T16:37:31","guid":{"rendered":"https:\/\/serbenidorm.daliisolutions.com\/index.php\/dm-podcast\/paula-llobet-concejala-de-turismo-es-el-momento-de-gestionar-el-exito-turistico-de-valencia\/"},"modified":"2024-02-21T17:37:31","modified_gmt":"2024-02-21T16:37:31","slug":"paula-llobet-concejala-de-turismo-es-el-momento-de-gestionar-el-exito-turistico-de-valencia","status":"publish","type":"dm-podcast","link":"https:\/\/serbenidorm.daliisolutions.com\/index.php\/dm-podcast\/paula-llobet-concejala-de-turismo-es-el-momento-de-gestionar-el-exito-turistico-de-valencia\/","title":{"rendered":"Paula Llobet, concejala de Turismo: \u00abEs el momento de gestionar el \u00e9xito tur\u00edstico de Val\u00e8ncia\u00bb"},"featured_media":0,"template":"","meta":{"_acf_changed":false},"dm-programa":[7],"class_list":["post-2591","dm-podcast","type-dm-podcast","status-publish","hentry","dm-programa-podcast-radio-valencia-hora-14-comunitat-valenciana-2298"],"acf":{"url":"https:\/\/sdmedia.playser.cadenaser.com\/playser\/multimedia\/20242\/21\/1708519839605_1708519860_audio_128.mp3"},"_links":{"self":[{"href":"https:\/\/serbenidorm.daliisolutions.com\/index.php\/wp-json\/wp\/v2\/dm-podcast\/2591","targetHints":{"allow":["GET"]}}],"collection":[{"href":"https:\/\/serbenidorm.daliisolutions.com\/index.php\/wp-json\/wp\/v2\/dm-podcast"}],"about":[{"href":"https:\/\/serbenidorm.daliisolutions.com\/index.php\/wp-json\/wp\/v2\/types\/dm-podcast"}],"wp:attachment":[{"href":"https:\/\/serbenidorm.daliisolutions.com\/index.php\/wp-json\/wp\/v2\/media?parent=2591"}],"wp:term":[{"taxonomy":"dm-programa","embeddable":true,"href":"https:\/\/serbenidorm.daliisolutions.com\/index.php\/wp-json\/wp\/v2\/dm-programa?post=2591"}],"curies":[{"name":"wp","href":"https:\/\/api.w.org\/{rel}","templated":true}]}}

Paula Llobet, concejala de Turismo: «Es el momento de gestionar el éxito turístico de València»
