{"id":299,"date":"2023-12-01T18:31:22","date_gmt":"2023-12-01T17:31:22","guid":{"rendered":"https:\/\/serbenidorm.daliisolutions.com\/index.php\/dm-podcast\/arturo-leon-lopez-presidente-del-ces-comunitat-valenciana-explica-los-objetivos-de-la-nueva-red-de-consejos-economicos-y-sociales-del-arco-mediterraneo\/"},"modified":"2023-12-01T18:31:22","modified_gmt":"2023-12-01T17:31:22","slug":"arturo-leon-lopez-presidente-del-ces-comunitat-valenciana-explica-los-objetivos-de-la-nueva-red-de-consejos-economicos-y-sociales-del-arco-mediterraneo","status":"publish","type":"dm-podcast","link":"https:\/\/serbenidorm.daliisolutions.com\/index.php\/dm-podcast\/arturo-leon-lopez-presidente-del-ces-comunitat-valenciana-explica-los-objetivos-de-la-nueva-red-de-consejos-economicos-y-sociales-del-arco-mediterraneo\/","title":{"rendered":"Arturo Le\u00f3n L\u00f3pez, presidente del CES Comunitat Valenciana, explica los objetivos de la nueva Red de Consejos Econ\u00f3micos y Sociales del Arco Mediterr\u00e1neo"},"featured_media":0,"template":"","meta":{"_acf_changed":false},"dm-programa":[7],"class_list":["post-299","dm-podcast","type-dm-podcast","status-publish","hentry","dm-programa-podcast-radio-valencia-hora-14-comunitat-valenciana-2298"],"acf":{"url":"https:\/\/sdmedia.playser.cadenaser.com\/playser\/multimedia\/202312\/1\/1701434041692_1701434077_audio_128.mp3"},"_links":{"self":[{"href":"https:\/\/serbenidorm.daliisolutions.com\/index.php\/wp-json\/wp\/v2\/dm-podcast\/299","targetHints":{"allow":["GET"]}}],"collection":[{"href":"https:\/\/serbenidorm.daliisolutions.com\/index.php\/wp-json\/wp\/v2\/dm-podcast"}],"about":[{"href":"https:\/\/serbenidorm.daliisolutions.com\/index.php\/wp-json\/wp\/v2\/types\/dm-podcast"}],"wp:attachment":[{"href":"https:\/\/serbenidorm.daliisolutions.com\/index.php\/wp-json\/wp\/v2\/media?parent=299"}],"wp:term":[{"taxonomy":"dm-programa","embeddable":true,"href":"https:\/\/serbenidorm.daliisolutions.com\/index.php\/wp-json\/wp\/v2\/dm-programa?post=299"}],"curies":[{"name":"wp","href":"https:\/\/api.w.org\/{rel}","templated":true}]}}

Arturo León López, presidente del CES Comunitat Valenciana, explica los objetivos de la nueva Red de Consejos Económicos y Sociales del Arco Mediterráneo
