{"id":311,"date":"2023-12-02T18:09:49","date_gmt":"2023-12-02T17:09:49","guid":{"rendered":"https:\/\/serbenidorm.daliisolutions.com\/index.php\/dm-podcast\/nervios-y-emocion-en-las-horas-previas-al-maraton-de-valencia-2023-solo-con-haber-llegado-hasta-aqui-ya-hemos-ganado\/"},"modified":"2023-12-02T18:09:49","modified_gmt":"2023-12-02T17:09:49","slug":"nervios-y-emocion-en-las-horas-previas-al-maraton-de-valencia-2023-solo-con-haber-llegado-hasta-aqui-ya-hemos-ganado","status":"publish","type":"dm-podcast","link":"https:\/\/serbenidorm.daliisolutions.com\/index.php\/dm-podcast\/nervios-y-emocion-en-las-horas-previas-al-maraton-de-valencia-2023-solo-con-haber-llegado-hasta-aqui-ya-hemos-ganado\/","title":{"rendered":"Nervios y emoci\u00f3n en las horas previas al Marat\u00f3n de Val\u00e8ncia 2023: \u00abSolo con haber llegado hasta aqu\u00ed, ya hemos ganado\u00bb"},"featured_media":0,"template":"","meta":{"_acf_changed":false},"dm-programa":[7],"class_list":["post-311","dm-podcast","type-dm-podcast","status-publish","hentry","dm-programa-podcast-radio-valencia-hora-14-comunitat-valenciana-2298"],"acf":{"url":"https:\/\/sdmedia.playser.cadenaser.com\/playser\/multimedia\/202312\/2\/1701519004984_1701519012_audio_128.mp3"},"_links":{"self":[{"href":"https:\/\/serbenidorm.daliisolutions.com\/index.php\/wp-json\/wp\/v2\/dm-podcast\/311","targetHints":{"allow":["GET"]}}],"collection":[{"href":"https:\/\/serbenidorm.daliisolutions.com\/index.php\/wp-json\/wp\/v2\/dm-podcast"}],"about":[{"href":"https:\/\/serbenidorm.daliisolutions.com\/index.php\/wp-json\/wp\/v2\/types\/dm-podcast"}],"wp:attachment":[{"href":"https:\/\/serbenidorm.daliisolutions.com\/index.php\/wp-json\/wp\/v2\/media?parent=311"}],"wp:term":[{"taxonomy":"dm-programa","embeddable":true,"href":"https:\/\/serbenidorm.daliisolutions.com\/index.php\/wp-json\/wp\/v2\/dm-programa?post=311"}],"curies":[{"name":"wp","href":"https:\/\/api.w.org\/{rel}","templated":true}]}}

Nervios y emoción en las horas previas al Maratón de València 2023: «Solo con haber llegado hasta aquí, ya hemos ganado»
