{"id":317,"date":"2023-12-02T18:09:49","date_gmt":"2023-12-02T17:09:49","guid":{"rendered":"https:\/\/serbenidorm.daliisolutions.com\/index.php\/dm-podcast\/monica-alvaro-compromis-latur-de-les-dones-no-sembla-preocupar-al-consell\/"},"modified":"2023-12-02T18:09:49","modified_gmt":"2023-12-02T17:09:49","slug":"monica-alvaro-compromis-latur-de-les-dones-no-sembla-preocupar-al-consell","status":"publish","type":"dm-podcast","link":"https:\/\/serbenidorm.daliisolutions.com\/index.php\/dm-podcast\/monica-alvaro-compromis-latur-de-les-dones-no-sembla-preocupar-al-consell\/","title":{"rendered":"M\u00f2nica \u00c0lvaro (Comprom\u00eds): \u00abL&#8217;atur de les dones no sembla preocupar al Consell\u00bb"},"featured_media":0,"template":"","meta":{"_acf_changed":false},"dm-programa":[7],"class_list":["post-317","dm-podcast","type-dm-podcast","status-publish","hentry","dm-programa-podcast-radio-valencia-hora-14-comunitat-valenciana-2298"],"acf":{"url":"https:\/\/sdmedia.playser.cadenaser.com\/playser\/multimedia\/202312\/2\/1701515343784_1701515361_audio_128.mp3"},"_links":{"self":[{"href":"https:\/\/serbenidorm.daliisolutions.com\/index.php\/wp-json\/wp\/v2\/dm-podcast\/317","targetHints":{"allow":["GET"]}}],"collection":[{"href":"https:\/\/serbenidorm.daliisolutions.com\/index.php\/wp-json\/wp\/v2\/dm-podcast"}],"about":[{"href":"https:\/\/serbenidorm.daliisolutions.com\/index.php\/wp-json\/wp\/v2\/types\/dm-podcast"}],"wp:attachment":[{"href":"https:\/\/serbenidorm.daliisolutions.com\/index.php\/wp-json\/wp\/v2\/media?parent=317"}],"wp:term":[{"taxonomy":"dm-programa","embeddable":true,"href":"https:\/\/serbenidorm.daliisolutions.com\/index.php\/wp-json\/wp\/v2\/dm-programa?post=317"}],"curies":[{"name":"wp","href":"https:\/\/api.w.org\/{rel}","templated":true}]}}

Mònica Àlvaro (Compromís): «L&#8217;atur de les dones no sembla preocupar al Consell»
