{"id":318,"date":"2023-12-02T18:09:49","date_gmt":"2023-12-02T17:09:49","guid":{"rendered":"https:\/\/serbenidorm.daliisolutions.com\/index.php\/dm-podcast\/javier-busquets-investigador-de-la-upv-explica-que-estos-vehiculos-autonomos-subacuaticos-se-pueden-emplear-para-multiples-funciones\/"},"modified":"2023-12-02T18:09:49","modified_gmt":"2023-12-02T17:09:49","slug":"javier-busquets-investigador-de-la-upv-explica-que-estos-vehiculos-autonomos-subacuaticos-se-pueden-emplear-para-multiples-funciones","status":"publish","type":"dm-podcast","link":"https:\/\/serbenidorm.daliisolutions.com\/index.php\/dm-podcast\/javier-busquets-investigador-de-la-upv-explica-que-estos-vehiculos-autonomos-subacuaticos-se-pueden-emplear-para-multiples-funciones\/","title":{"rendered":"Javier Busquets (investigador de la UPV) explica que estos veh\u00edculos aut\u00f3nomos subacu\u00e1ticos se pueden emplear para m\u00faltiples funciones"},"featured_media":0,"template":"","meta":{"_acf_changed":false},"dm-programa":[7],"class_list":["post-318","dm-podcast","type-dm-podcast","status-publish","hentry","dm-programa-podcast-radio-valencia-hora-14-comunitat-valenciana-2298"],"acf":{"url":"https:\/\/sdmedia.playser.cadenaser.com\/playser\/multimedia\/202312\/2\/1701514957238_1701514952_audio_128.mp3"},"_links":{"self":[{"href":"https:\/\/serbenidorm.daliisolutions.com\/index.php\/wp-json\/wp\/v2\/dm-podcast\/318","targetHints":{"allow":["GET"]}}],"collection":[{"href":"https:\/\/serbenidorm.daliisolutions.com\/index.php\/wp-json\/wp\/v2\/dm-podcast"}],"about":[{"href":"https:\/\/serbenidorm.daliisolutions.com\/index.php\/wp-json\/wp\/v2\/types\/dm-podcast"}],"wp:attachment":[{"href":"https:\/\/serbenidorm.daliisolutions.com\/index.php\/wp-json\/wp\/v2\/media?parent=318"}],"wp:term":[{"taxonomy":"dm-programa","embeddable":true,"href":"https:\/\/serbenidorm.daliisolutions.com\/index.php\/wp-json\/wp\/v2\/dm-programa?post=318"}],"curies":[{"name":"wp","href":"https:\/\/api.w.org\/{rel}","templated":true}]}}

Javier Busquets (investigador de la UPV) explica que estos vehículos autónomos subacuáticos se pueden emplear para múltiples funciones
