{"id":324,"date":"2023-12-03T13:32:57","date_gmt":"2023-12-03T12:32:57","guid":{"rendered":"https:\/\/serbenidorm.daliisolutions.com\/index.php\/dm-podcast\/luis-vano-presidente-del-cermi-en-la-comunitat-valenciana-pide-un-plan-especifico-de-ocupacion-y-formacion-para-personas-con-discapacidad\/"},"modified":"2023-12-03T13:32:57","modified_gmt":"2023-12-03T12:32:57","slug":"luis-vano-presidente-del-cermi-en-la-comunitat-valenciana-pide-un-plan-especifico-de-ocupacion-y-formacion-para-personas-con-discapacidad","status":"publish","type":"dm-podcast","link":"https:\/\/serbenidorm.daliisolutions.com\/index.php\/dm-podcast\/luis-vano-presidente-del-cermi-en-la-comunitat-valenciana-pide-un-plan-especifico-de-ocupacion-y-formacion-para-personas-con-discapacidad\/","title":{"rendered":"Luis Va\u00f1\u00f3 (presidente del CERMI en la Comunitat Valenciana) pide un plan espec\u00edfico de ocupaci\u00f3n y formaci\u00f3n para personas con discapacidad"},"featured_media":0,"template":"","meta":{"_acf_changed":false},"dm-programa":[7],"class_list":["post-324","dm-podcast","type-dm-podcast","status-publish","hentry","dm-programa-podcast-radio-valencia-hora-14-comunitat-valenciana-2298"],"acf":{"url":"https:\/\/sdmedia.playser.cadenaser.com\/playser\/multimedia\/202312\/3\/1701605826044_1701605822_audio_128.mp3"},"_links":{"self":[{"href":"https:\/\/serbenidorm.daliisolutions.com\/index.php\/wp-json\/wp\/v2\/dm-podcast\/324","targetHints":{"allow":["GET"]}}],"collection":[{"href":"https:\/\/serbenidorm.daliisolutions.com\/index.php\/wp-json\/wp\/v2\/dm-podcast"}],"about":[{"href":"https:\/\/serbenidorm.daliisolutions.com\/index.php\/wp-json\/wp\/v2\/types\/dm-podcast"}],"wp:attachment":[{"href":"https:\/\/serbenidorm.daliisolutions.com\/index.php\/wp-json\/wp\/v2\/media?parent=324"}],"wp:term":[{"taxonomy":"dm-programa","embeddable":true,"href":"https:\/\/serbenidorm.daliisolutions.com\/index.php\/wp-json\/wp\/v2\/dm-programa?post=324"}],"curies":[{"name":"wp","href":"https:\/\/api.w.org\/{rel}","templated":true}]}}

Luis Vañó (presidente del CERMI en la Comunitat Valenciana) pide un plan específico de ocupación y formación para personas con discapacidad
