{"id":326,"date":"2023-12-03T13:32:57","date_gmt":"2023-12-03T12:32:57","guid":{"rendered":"https:\/\/serbenidorm.daliisolutions.com\/index.php\/dm-podcast\/juan-roig-fundacion-trinidad-alfonso-siempre-sonamos-con-que-aqui-se-bata-el-record-del-mundo\/"},"modified":"2023-12-03T13:32:57","modified_gmt":"2023-12-03T12:32:57","slug":"juan-roig-fundacion-trinidad-alfonso-siempre-sonamos-con-que-aqui-se-bata-el-record-del-mundo","status":"publish","type":"dm-podcast","link":"https:\/\/serbenidorm.daliisolutions.com\/index.php\/dm-podcast\/juan-roig-fundacion-trinidad-alfonso-siempre-sonamos-con-que-aqui-se-bata-el-record-del-mundo\/","title":{"rendered":"Juan Roig (Fundaci\u00f3n Trinidad Alfonso): \u00abSiempre so\u00f1amos con que aqu\u00ed se bata el r\u00e9cord del mundo\u00bb"},"featured_media":0,"template":"","meta":{"_acf_changed":false},"dm-programa":[7],"class_list":["post-326","dm-podcast","type-dm-podcast","status-publish","hentry","dm-programa-podcast-radio-valencia-hora-14-comunitat-valenciana-2298"],"acf":{"url":"https:\/\/sdmedia.playser.cadenaser.com\/playser\/multimedia\/202312\/3\/1701603295653_1701603324_audio_128.mp3"},"_links":{"self":[{"href":"https:\/\/serbenidorm.daliisolutions.com\/index.php\/wp-json\/wp\/v2\/dm-podcast\/326","targetHints":{"allow":["GET"]}}],"collection":[{"href":"https:\/\/serbenidorm.daliisolutions.com\/index.php\/wp-json\/wp\/v2\/dm-podcast"}],"about":[{"href":"https:\/\/serbenidorm.daliisolutions.com\/index.php\/wp-json\/wp\/v2\/types\/dm-podcast"}],"wp:attachment":[{"href":"https:\/\/serbenidorm.daliisolutions.com\/index.php\/wp-json\/wp\/v2\/media?parent=326"}],"wp:term":[{"taxonomy":"dm-programa","embeddable":true,"href":"https:\/\/serbenidorm.daliisolutions.com\/index.php\/wp-json\/wp\/v2\/dm-programa?post=326"}],"curies":[{"name":"wp","href":"https:\/\/api.w.org\/{rel}","templated":true}]}}

Juan Roig (Fundación Trinidad Alfonso): «Siempre soñamos con que aquí se bata el récord del mundo»
