{"id":327,"date":"2023-12-03T13:32:57","date_gmt":"2023-12-03T12:32:57","guid":{"rendered":"https:\/\/serbenidorm.daliisolutions.com\/index.php\/dm-podcast\/julian-tio-avacu-recuerda-que-las-bicicletas-electricas-no-estan-prohibidas-en-los-trenes-de-renfe\/"},"modified":"2023-12-03T13:32:57","modified_gmt":"2023-12-03T12:32:57","slug":"julian-tio-avacu-recuerda-que-las-bicicletas-electricas-no-estan-prohibidas-en-los-trenes-de-renfe","status":"publish","type":"dm-podcast","link":"https:\/\/serbenidorm.daliisolutions.com\/index.php\/dm-podcast\/julian-tio-avacu-recuerda-que-las-bicicletas-electricas-no-estan-prohibidas-en-los-trenes-de-renfe\/","title":{"rendered":"Juli\u00e1n T\u00edo (AVACU) recuerda que las bicicletas el\u00e9ctricas no est\u00e1n prohibidas en los trenes de Renfe"},"featured_media":0,"template":"","meta":{"_acf_changed":false},"dm-programa":[7],"class_list":["post-327","dm-podcast","type-dm-podcast","status-publish","hentry","dm-programa-podcast-radio-valencia-hora-14-comunitat-valenciana-2298"],"acf":{"url":"https:\/\/sdmedia.playser.cadenaser.com\/playser\/multimedia\/202312\/3\/1701602768410_1701602769_audio_128.mp3"},"_links":{"self":[{"href":"https:\/\/serbenidorm.daliisolutions.com\/index.php\/wp-json\/wp\/v2\/dm-podcast\/327","targetHints":{"allow":["GET"]}}],"collection":[{"href":"https:\/\/serbenidorm.daliisolutions.com\/index.php\/wp-json\/wp\/v2\/dm-podcast"}],"about":[{"href":"https:\/\/serbenidorm.daliisolutions.com\/index.php\/wp-json\/wp\/v2\/types\/dm-podcast"}],"wp:attachment":[{"href":"https:\/\/serbenidorm.daliisolutions.com\/index.php\/wp-json\/wp\/v2\/media?parent=327"}],"wp:term":[{"taxonomy":"dm-programa","embeddable":true,"href":"https:\/\/serbenidorm.daliisolutions.com\/index.php\/wp-json\/wp\/v2\/dm-programa?post=327"}],"curies":[{"name":"wp","href":"https:\/\/api.w.org\/{rel}","templated":true}]}}

Julián Tío (AVACU) recuerda que las bicicletas eléctricas no están prohibidas en los trenes de Renfe
