{"id":333,"date":"2023-12-03T19:14:18","date_gmt":"2023-12-03T18:14:18","guid":{"rendered":"https:\/\/serbenidorm.daliisolutions.com\/index.php\/dm-podcast\/raul-morales-faconauto-asegura-que-las-ayudas-del-gobierno-central-para-impulsar-estos-vehiculos-no-funcionan-como-deberian\/"},"modified":"2023-12-03T19:14:18","modified_gmt":"2023-12-03T18:14:18","slug":"raul-morales-faconauto-asegura-que-las-ayudas-del-gobierno-central-para-impulsar-estos-vehiculos-no-funcionan-como-deberian","status":"publish","type":"dm-podcast","link":"https:\/\/serbenidorm.daliisolutions.com\/index.php\/dm-podcast\/raul-morales-faconauto-asegura-que-las-ayudas-del-gobierno-central-para-impulsar-estos-vehiculos-no-funcionan-como-deberian\/","title":{"rendered":"Ra\u00fal Morales (Faconauto) asegura que las ayudas del Gobierno central para impulsar estos veh\u00edculos no funcionan como deber\u00edan"},"featured_media":0,"template":"","meta":{"_acf_changed":false},"dm-programa":[7],"class_list":["post-333","dm-podcast","type-dm-podcast","status-publish","hentry","dm-programa-podcast-radio-valencia-hora-14-comunitat-valenciana-2298"],"acf":{"url":"https:\/\/sdmedia.playser.cadenaser.com\/playser\/multimedia\/202312\/3\/1701607260119_1701607260_audio_128.mp3"},"_links":{"self":[{"href":"https:\/\/serbenidorm.daliisolutions.com\/index.php\/wp-json\/wp\/v2\/dm-podcast\/333","targetHints":{"allow":["GET"]}}],"collection":[{"href":"https:\/\/serbenidorm.daliisolutions.com\/index.php\/wp-json\/wp\/v2\/dm-podcast"}],"about":[{"href":"https:\/\/serbenidorm.daliisolutions.com\/index.php\/wp-json\/wp\/v2\/types\/dm-podcast"}],"wp:attachment":[{"href":"https:\/\/serbenidorm.daliisolutions.com\/index.php\/wp-json\/wp\/v2\/media?parent=333"}],"wp:term":[{"taxonomy":"dm-programa","embeddable":true,"href":"https:\/\/serbenidorm.daliisolutions.com\/index.php\/wp-json\/wp\/v2\/dm-programa?post=333"}],"curies":[{"name":"wp","href":"https:\/\/api.w.org\/{rel}","templated":true}]}}

Raúl Morales (Faconauto) asegura que las ayudas del Gobierno central para impulsar estos vehículos no funcionan como deberían
