{"id":373,"date":"2023-12-05T08:49:29","date_gmt":"2023-12-05T07:49:29","guid":{"rendered":"https:\/\/serbenidorm.daliisolutions.com\/index.php\/dm-podcast\/carlos-mazon-afirma-que-la-ampliacion-del-puerto-de-valencia-es-una-cuestion-de-pais\/"},"modified":"2023-12-05T08:49:29","modified_gmt":"2023-12-05T07:49:29","slug":"carlos-mazon-afirma-que-la-ampliacion-del-puerto-de-valencia-es-una-cuestion-de-pais","status":"publish","type":"dm-podcast","link":"https:\/\/serbenidorm.daliisolutions.com\/index.php\/dm-podcast\/carlos-mazon-afirma-que-la-ampliacion-del-puerto-de-valencia-es-una-cuestion-de-pais\/","title":{"rendered":"Carlos Maz\u00f3n afirma que la ampliaci\u00f3n del Puerto de Val\u00e8ncia es una cuesti\u00f3n de pa\u00eds"},"featured_media":0,"template":"","meta":{"_acf_changed":false},"dm-programa":[7],"class_list":["post-373","dm-podcast","type-dm-podcast","status-publish","hentry","dm-programa-podcast-radio-valencia-hora-14-comunitat-valenciana-2298"],"acf":{"url":"https:\/\/sdmedia.playser.cadenaser.com\/playser\/multimedia\/202312\/4\/1701685733191_1701685815_audio_128.mp3"},"_links":{"self":[{"href":"https:\/\/serbenidorm.daliisolutions.com\/index.php\/wp-json\/wp\/v2\/dm-podcast\/373","targetHints":{"allow":["GET"]}}],"collection":[{"href":"https:\/\/serbenidorm.daliisolutions.com\/index.php\/wp-json\/wp\/v2\/dm-podcast"}],"about":[{"href":"https:\/\/serbenidorm.daliisolutions.com\/index.php\/wp-json\/wp\/v2\/types\/dm-podcast"}],"wp:attachment":[{"href":"https:\/\/serbenidorm.daliisolutions.com\/index.php\/wp-json\/wp\/v2\/media?parent=373"}],"wp:term":[{"taxonomy":"dm-programa","embeddable":true,"href":"https:\/\/serbenidorm.daliisolutions.com\/index.php\/wp-json\/wp\/v2\/dm-programa?post=373"}],"curies":[{"name":"wp","href":"https:\/\/api.w.org\/{rel}","templated":true}]}}

Carlos Mazón afirma que la ampliación del Puerto de València es una cuestión de país
