{"id":378,"date":"2023-12-05T15:30:39","date_gmt":"2023-12-05T14:30:39","guid":{"rendered":"https:\/\/serbenidorm.daliisolutions.com\/index.php\/dm-podcast\/abreca-preve-facturar-un-15-mas-este-puente-respecto-al-ano-pasado\/"},"modified":"2023-12-05T15:30:39","modified_gmt":"2023-12-05T14:30:39","slug":"abreca-preve-facturar-un-15-mas-este-puente-respecto-al-ano-pasado","status":"publish","type":"dm-podcast","link":"https:\/\/serbenidorm.daliisolutions.com\/index.php\/dm-podcast\/abreca-preve-facturar-un-15-mas-este-puente-respecto-al-ano-pasado\/","title":{"rendered":"ABRECA prev\u00e9 facturar un 15% m\u00e1s este puente respecto al a\u00f1o pasado"},"featured_media":0,"template":"","meta":{"_acf_changed":false},"dm-programa":[2],"class_list":["post-378","dm-podcast","type-dm-podcast","status-publish","hentry","dm-programa-podcast-radio-benidorm-3154"],"acf":{"url":"https:\/\/sdmedia.playser.cadenaser.com\/playser\/multimedia\/202312\/5\/1701783367257_1701783503_audio_128.mp3"},"_links":{"self":[{"href":"https:\/\/serbenidorm.daliisolutions.com\/index.php\/wp-json\/wp\/v2\/dm-podcast\/378","targetHints":{"allow":["GET"]}}],"collection":[{"href":"https:\/\/serbenidorm.daliisolutions.com\/index.php\/wp-json\/wp\/v2\/dm-podcast"}],"about":[{"href":"https:\/\/serbenidorm.daliisolutions.com\/index.php\/wp-json\/wp\/v2\/types\/dm-podcast"}],"wp:attachment":[{"href":"https:\/\/serbenidorm.daliisolutions.com\/index.php\/wp-json\/wp\/v2\/media?parent=378"}],"wp:term":[{"taxonomy":"dm-programa","embeddable":true,"href":"https:\/\/serbenidorm.daliisolutions.com\/index.php\/wp-json\/wp\/v2\/dm-programa?post=378"}],"curies":[{"name":"wp","href":"https:\/\/api.w.org\/{rel}","templated":true}]}}

ABRECA prevé facturar un 15% más este puente respecto al año pasado
