{"id":379,"date":"2023-12-05T15:30:39","date_gmt":"2023-12-05T14:30:39","guid":{"rendered":"https:\/\/serbenidorm.daliisolutions.com\/index.php\/dm-podcast\/lalfas-del-pi-arrancara-2024-con-la-conversion-en-alameda-de-la-carretera-turistica-del-albir-y-la-plataforma-unica-en-el-paseo-de-las-estrellas\/"},"modified":"2023-12-05T15:30:39","modified_gmt":"2023-12-05T14:30:39","slug":"lalfas-del-pi-arrancara-2024-con-la-conversion-en-alameda-de-la-carretera-turistica-del-albir-y-la-plataforma-unica-en-el-paseo-de-las-estrellas","status":"publish","type":"dm-podcast","link":"https:\/\/serbenidorm.daliisolutions.com\/index.php\/dm-podcast\/lalfas-del-pi-arrancara-2024-con-la-conversion-en-alameda-de-la-carretera-turistica-del-albir-y-la-plataforma-unica-en-el-paseo-de-las-estrellas\/","title":{"rendered":"L&#8217;Alf\u00e0s del Pi arrancar\u00e1 2024 con la conversi\u00f3n en alameda de la carretera tur\u00edstica del Albir y la plataforma \u00fanica en el Paseo de las Estrellas"},"featured_media":0,"template":"","meta":{"_acf_changed":false},"dm-programa":[2],"class_list":["post-379","dm-podcast","type-dm-podcast","status-publish","hentry","dm-programa-podcast-radio-benidorm-3154"],"acf":{"url":"https:\/\/sdmedia.playser.cadenaser.com\/playser\/multimedia\/202312\/5\/1701783091435_1701783133_audio_128.mp3"},"_links":{"self":[{"href":"https:\/\/serbenidorm.daliisolutions.com\/index.php\/wp-json\/wp\/v2\/dm-podcast\/379","targetHints":{"allow":["GET"]}}],"collection":[{"href":"https:\/\/serbenidorm.daliisolutions.com\/index.php\/wp-json\/wp\/v2\/dm-podcast"}],"about":[{"href":"https:\/\/serbenidorm.daliisolutions.com\/index.php\/wp-json\/wp\/v2\/types\/dm-podcast"}],"wp:attachment":[{"href":"https:\/\/serbenidorm.daliisolutions.com\/index.php\/wp-json\/wp\/v2\/media?parent=379"}],"wp:term":[{"taxonomy":"dm-programa","embeddable":true,"href":"https:\/\/serbenidorm.daliisolutions.com\/index.php\/wp-json\/wp\/v2\/dm-programa?post=379"}],"curies":[{"name":"wp","href":"https:\/\/api.w.org\/{rel}","templated":true}]}}

L&#8217;Alfàs del Pi arrancará 2024 con la conversión en alameda de la carretera turística del Albir y la plataforma única en el Paseo de las Estrellas
