{"id":4050,"date":"2024-04-12T19:18:30","date_gmt":"2024-04-12T17:18:30","guid":{"rendered":""},"modified":"2024-04-12T19:18:30","modified_gmt":"2024-04-12T17:18:30","slug":"la-delegada-del-gobierno-en-la-comunitat-valenciana-si-manana-hay-un-accidente-en-el-paso-a-nivel-de-alfafar-alguien-tendra-que-responder-cuando-lleva-tres-anos-diciendo-que-no-se-elimine-ese-pas","status":"publish","type":"dm-podcast","link":"https:\/\/serbenidorm.daliisolutions.com\/index.php\/dm-podcast\/la-delegada-del-gobierno-en-la-comunitat-valenciana-si-manana-hay-un-accidente-en-el-paso-a-nivel-de-alfafar-alguien-tendra-que-responder-cuando-lleva-tres-anos-diciendo-que-no-se-elimine-ese-pas\/","title":{"rendered":"La delegada del Gobierno en la Comunitat Valenciana: \u00abSi ma\u00f1ana hay un accidente (en el paso a nivel de Alfafar) alguien tendr\u00e1 que responder cuando lleva tres a\u00f1os diciendo que no se elimine ese paso a nivel\u00bb"},"featured_media":0,"template":"","meta":{"_acf_changed":false},"dm-programa":[7],"class_list":["post-4050","dm-podcast","type-dm-podcast","status-publish","hentry","dm-programa-podcast-radio-valencia-hora-14-comunitat-valenciana-2298"],"acf":{"url":"https:\/\/sdmedia.playser.cadenaser.com\/playser\/multimedia\/20244\/12\/1712928643549_1712928694_audio_128.mp3"},"_links":{"self":[{"href":"https:\/\/serbenidorm.daliisolutions.com\/index.php\/wp-json\/wp\/v2\/dm-podcast\/4050","targetHints":{"allow":["GET"]}}],"collection":[{"href":"https:\/\/serbenidorm.daliisolutions.com\/index.php\/wp-json\/wp\/v2\/dm-podcast"}],"about":[{"href":"https:\/\/serbenidorm.daliisolutions.com\/index.php\/wp-json\/wp\/v2\/types\/dm-podcast"}],"wp:attachment":[{"href":"https:\/\/serbenidorm.daliisolutions.com\/index.php\/wp-json\/wp\/v2\/media?parent=4050"}],"wp:term":[{"taxonomy":"dm-programa","embeddable":true,"href":"https:\/\/serbenidorm.daliisolutions.com\/index.php\/wp-json\/wp\/v2\/dm-programa?post=4050"}],"curies":[{"name":"wp","href":"https:\/\/api.w.org\/{rel}","templated":true}]}}

La delegada del Gobierno en la Comunitat Valenciana: «Si mañana hay un accidente (en el paso a nivel de Alfafar) alguien tendrá que responder cuando lleva tres años diciendo que no se elimine ese paso a nivel»
