{"id":4051,"date":"2024-04-12T19:18:30","date_gmt":"2024-04-12T17:18:30","guid":{"rendered":"https:\/\/serbenidorm.daliisolutions.com\/index.php\/dm-podcast\/neria-alvarez-plataforma-pel-soterrament-de-les-vies-se-pregunta-cuanto-mas-tiempo-van-a-tener-que-esperar-para-que-se-soterren-las-vias\/"},"modified":"2024-04-12T19:18:30","modified_gmt":"2024-04-12T17:18:30","slug":"neria-alvarez-plataforma-pel-soterrament-de-les-vies-se-pregunta-cuanto-mas-tiempo-van-a-tener-que-esperar-para-que-se-soterren-las-vias","status":"publish","type":"dm-podcast","link":"https:\/\/serbenidorm.daliisolutions.com\/index.php\/dm-podcast\/neria-alvarez-plataforma-pel-soterrament-de-les-vies-se-pregunta-cuanto-mas-tiempo-van-a-tener-que-esperar-para-que-se-soterren-las-vias\/","title":{"rendered":"Neria \u00c1lvarez (Plataforma pel soterrament de les v\u00edes) se pregunta cu\u00e1nto m\u00e1s tiempo van a tener que esperar para que se soterren las v\u00edas"},"featured_media":0,"template":"","meta":{"_acf_changed":false},"dm-programa":[7],"class_list":["post-4051","dm-podcast","type-dm-podcast","status-publish","hentry","dm-programa-podcast-radio-valencia-hora-14-comunitat-valenciana-2298"],"acf":{"url":"https:\/\/sdmedia.playser.cadenaser.com\/playser\/multimedia\/20244\/12\/1712928843668_1712928871_audio_128.mp3"},"_links":{"self":[{"href":"https:\/\/serbenidorm.daliisolutions.com\/index.php\/wp-json\/wp\/v2\/dm-podcast\/4051","targetHints":{"allow":["GET"]}}],"collection":[{"href":"https:\/\/serbenidorm.daliisolutions.com\/index.php\/wp-json\/wp\/v2\/dm-podcast"}],"about":[{"href":"https:\/\/serbenidorm.daliisolutions.com\/index.php\/wp-json\/wp\/v2\/types\/dm-podcast"}],"wp:attachment":[{"href":"https:\/\/serbenidorm.daliisolutions.com\/index.php\/wp-json\/wp\/v2\/media?parent=4051"}],"wp:term":[{"taxonomy":"dm-programa","embeddable":true,"href":"https:\/\/serbenidorm.daliisolutions.com\/index.php\/wp-json\/wp\/v2\/dm-programa?post=4051"}],"curies":[{"name":"wp","href":"https:\/\/api.w.org\/{rel}","templated":true}]}}

Neria Álvarez (Plataforma pel soterrament de les víes) se pregunta cuánto más tiempo van a tener que esperar para que se soterren las vías
